Last updated on 2024-07-03 18:57:45 CEST.
Flavor | Version | Tinstall | Tcheck | Ttotal | Status | Flags |
---|---|---|---|---|---|---|
r-devel-linux-x86_64-debian-clang | 0.2.3 | 8.20 | 52.81 | 61.01 | NOTE | |
r-devel-linux-x86_64-debian-gcc | 0.2.3 | 5.00 | 39.93 | 44.93 | NOTE | |
r-devel-linux-x86_64-fedora-clang | 0.2.3 | 77.76 | NOTE | |||
r-devel-linux-x86_64-fedora-gcc | 0.2.3 | 69.99 | NOTE | |||
r-devel-windows-x86_64 | 0.2.3 | 6.00 | 72.00 | 78.00 | NOTE | |
r-patched-linux-x86_64 | 0.2.3 | 12.11 | 50.17 | 62.28 | NOTE | |
r-release-linux-x86_64 | 0.2.3 | 6.96 | 49.95 | 56.91 | NOTE | |
r-release-macos-arm64 | 0.2.3 | 33.00 | NOTE | |||
r-release-macos-x86_64 | 0.2.3 | 43.00 | NOTE | |||
r-release-windows-x86_64 | 0.2.3 | 8.00 | 74.00 | 82.00 | NOTE | |
r-oldrel-macos-arm64 | 0.2.3 | 34.00 | OK | |||
r-oldrel-macos-x86_64 | 0.2.3 | 50.00 | OK | |||
r-oldrel-windows-x86_64 | 0.2.3 | 10.00 | 79.00 | 89.00 | OK |
Version: 0.2.3
Check: Rd files
Result: NOTE
checkRd: (-1) elink.Rd:70-71: Lost braces in \itemize; meant \describe ?
checkRd: (-1) elink.Rd:72-73: Lost braces in \itemize; meant \describe ?
checkRd: (-1) elink.Rd:74-76: Lost braces in \itemize; meant \describe ?
checkRd: (-1) reutils-package.Rd:114: Lost braces
114 | code{reutils.test.remote} to \code{TRUE} to run the full suite of tests.
| ^
Flavors: r-devel-linux-x86_64-debian-clang, r-devel-linux-x86_64-debian-gcc, r-devel-linux-x86_64-fedora-clang, r-devel-linux-x86_64-fedora-gcc, r-devel-windows-x86_64, r-patched-linux-x86_64, r-release-linux-x86_64, r-release-macos-arm64, r-release-macos-x86_64, r-release-windows-x86_64