Last updated on 2025-05-05 06:51:44 CEST.
Flavor | Version | Tinstall | Tcheck | Ttotal | Status | Flags |
---|---|---|---|---|---|---|
r-devel-linux-x86_64-debian-clang | 0.10.0 | 3.29 | 30.08 | 33.37 | OK | |
r-devel-linux-x86_64-debian-gcc | 0.10.0 | 2.35 | 24.52 | 26.87 | OK | |
r-devel-linux-x86_64-fedora-clang | 0.10.0 | 55.13 | OK | |||
r-devel-linux-x86_64-fedora-gcc | 0.10.0 | 51.32 | OK | |||
r-devel-windows-x86_64 | 0.10.0 | 5.00 | 52.00 | 57.00 | OK | |
r-patched-linux-x86_64 | 0.10.0 | 2.15 | 29.62 | 31.77 | OK | |
r-release-linux-x86_64 | 0.10.0 | 3.01 | 29.78 | 32.79 | OK | |
r-release-macos-arm64 | 0.10.0 | 34.00 | OK | |||
r-release-macos-x86_64 | 0.10.0 | 53.00 | OK | |||
r-release-windows-x86_64 | 0.10.0 | 5.00 | 50.00 | 55.00 | OK | |
r-oldrel-macos-arm64 | 0.10.0 | 42.00 | NOTE | |||
r-oldrel-macos-x86_64 | 0.10.0 | 52.00 | NOTE | |||
r-oldrel-windows-x86_64 | 0.10.0 | 5.00 | 57.00 | 62.00 | NOTE |
Version: 0.10.0
Check: installed package size
Result: NOTE
installed size is 5.1Mb
sub-directories of 1Mb or more:
reveal.js-4.2.1 4.9Mb
Flavors: r-oldrel-macos-arm64, r-oldrel-macos-x86_64, r-oldrel-windows-x86_64