Last updated on 2025-05-20 06:50:00 CEST.
Flavor | Version | Tinstall | Tcheck | Ttotal | Status | Flags |
---|---|---|---|---|---|---|
r-devel-linux-x86_64-debian-clang | 0.26.6.14 | 17.29 | 31.14 | 48.43 | NOTE | |
r-devel-linux-x86_64-debian-gcc | 0.26.6.14 | 11.25 | 23.78 | 35.03 | NOTE | |
r-devel-linux-x86_64-fedora-clang | 0.26.6.14 | 79.01 | OK | |||
r-devel-linux-x86_64-fedora-gcc | 0.26.6.14 | 77.21 | OK | |||
r-devel-windows-x86_64 | 0.26.6.14 | 21.00 | 77.00 | 98.00 | OK | |
r-patched-linux-x86_64 | 0.26.6.14 | 16.53 | 29.89 | 46.42 | NOTE | |
r-release-linux-x86_64 | 0.26.6.14 | 15.79 | 30.10 | 45.89 | NOTE | |
r-release-macos-arm64 | 0.26.6.14 | 26.00 | OK | |||
r-release-macos-x86_64 | 0.26.6.14 | 40.00 | OK | |||
r-release-windows-x86_64 | 0.26.6.14 | 21.00 | 85.00 | 106.00 | OK | |
r-oldrel-macos-arm64 | 0.26.6.14 | 26.00 | OK | |||
r-oldrel-macos-x86_64 | 0.26.6.14 | 36.00 | OK | |||
r-oldrel-windows-x86_64 | 0.26.6.14 | 19.00 | 83.00 | 102.00 | OK |
Version: 0.26.6.14
Check: for unstated dependencies in ‘demo’
Result: NOTE
'::' or ':::' import not declared from: ‘Matrix’
'library' or 'require' call not declared from: ‘Matrix’
Flavors: r-devel-linux-x86_64-debian-clang, r-devel-linux-x86_64-debian-gcc, r-patched-linux-x86_64, r-release-linux-x86_64