Last updated on 2025-07-27 18:51:31 CEST.
Flavor | Version | Tinstall | Tcheck | Ttotal | Status | Flags |
---|---|---|---|---|---|---|
r-devel-linux-x86_64-debian-clang | 0.26.6.14 | 17.38 | 32.01 | 49.39 | NOTE | |
r-devel-linux-x86_64-debian-gcc | 0.26.6.14 | 11.39 | 24.61 | 36.00 | NOTE | |
r-devel-linux-x86_64-fedora-clang | 0.26.6.14 | 76.95 | OK | |||
r-devel-linux-x86_64-fedora-gcc | 0.26.6.14 | 72.67 | OK | |||
r-devel-windows-x86_64 | 0.26.6.14 | 23.00 | 86.00 | 109.00 | OK | |
r-patched-linux-x86_64 | 0.26.6.14 | 16.01 | 29.73 | 45.74 | NOTE | |
r-release-linux-x86_64 | 0.26.6.14 | 15.83 | 29.87 | 45.70 | NOTE | |
r-release-macos-arm64 | 0.26.6.14 | 26.00 | OK | |||
r-release-macos-x86_64 | 0.26.6.14 | 40.00 | OK | |||
r-release-windows-x86_64 | 0.26.6.14 | 21.00 | 74.00 | 95.00 | OK | |
r-oldrel-macos-arm64 | 0.26.6.14 | 26.00 | OK | |||
r-oldrel-macos-x86_64 | 0.26.6.14 | 36.00 | OK | |||
r-oldrel-windows-x86_64 | 0.26.6.14 | 27.00 | 103.00 | 130.00 | OK |
Version: 0.26.6.14
Check: for unstated dependencies in ‘demo’
Result: NOTE
'::' or ':::' import not declared from: ‘Matrix’
'library' or 'require' call not declared from: ‘Matrix’
Flavors: r-devel-linux-x86_64-debian-clang, r-devel-linux-x86_64-debian-gcc, r-patched-linux-x86_64, r-release-linux-x86_64