Last updated on 2025-05-18 06:49:24 CEST.
Flavor | Version | Tinstall | Tcheck | Ttotal | Status | Flags |
---|---|---|---|---|---|---|
r-devel-linux-x86_64-debian-clang | 3.3 | 10.21 | 37.86 | 48.07 | NOTE | |
r-devel-linux-x86_64-debian-gcc | 3.3 | 7.85 | 31.65 | 39.50 | NOTE | |
r-devel-linux-x86_64-fedora-clang | 3.3 | 75.84 | OK | |||
r-devel-linux-x86_64-fedora-gcc | 3.3 | 74.80 | OK | |||
r-devel-windows-x86_64 | 3.3 | 16.00 | 75.00 | 91.00 | OK | |
r-patched-linux-x86_64 | 3.3 | 9.28 | 41.05 | 50.33 | OK | |
r-release-linux-x86_64 | 3.3 | 9.16 | 41.80 | 50.96 | OK | |
r-release-macos-arm64 | 3.3 | 41.00 | OK | |||
r-release-macos-x86_64 | 3.3 | 59.00 | OK | |||
r-release-windows-x86_64 | 3.3 | 19.00 | 84.00 | 103.00 | OK | |
r-oldrel-macos-arm64 | 3.3 | 33.00 | OK | |||
r-oldrel-macos-x86_64 | 3.3 | 46.00 | OK | |||
r-oldrel-windows-x86_64 | 3.3 | 14.00 | 82.00 | 96.00 | OK |
Version: 3.3
Check: CRAN incoming feasibility
Result: NOTE
Maintainer: ‘Steffen Moritz <steffen.moritz10@gmail.com>’
Package CITATION file contains call(s) to old-style personList() or
as.personList(). Please use c() on person objects instead.
Flavors: r-devel-linux-x86_64-debian-clang, r-devel-linux-x86_64-debian-gcc