Last updated on 2024-03-28 17:49:40 CET.
Flavor | Version | Tinstall | Tcheck | Ttotal | Status | Flags |
---|---|---|---|---|---|---|
r-devel-linux-x86_64-debian-clang | 2023.12.21 | 322.23 | 373.70 | 695.93 | OK | |
r-devel-linux-x86_64-debian-gcc | 2023.12.21 | 228.61 | 276.56 | 505.17 | OK | |
r-devel-linux-x86_64-fedora-clang | 2023.12.21 | 940.31 | OK | |||
r-devel-linux-x86_64-fedora-gcc | 2023.12.21 | 924.62 | OK | |||
r-devel-windows-x86_64 | 2023.12.21 | 238.00 | 312.00 | 550.00 | OK | |
r-patched-linux-x86_64 | 2023.12.21 | 219.64 | 359.87 | 579.51 | OK | |
r-release-linux-x86_64 | 2023.12.21 | 303.52 | 347.71 | 651.23 | OK | |
r-release-macos-arm64 | 2023.12.21 | 222.00 | NOTE | |||
r-release-macos-x86_64 | 2023.12.21 | 346.00 | NOTE | |||
r-release-windows-x86_64 | 2023.12.21 | 297.00 | 398.00 | 695.00 | OK | |
r-oldrel-macos-arm64 | 2023.12.21 | 213.00 | NOTE | |||
r-oldrel-windows-x86_64 | 2023.12.21 | 291.00 | 363.00 | 654.00 | OK |
Version: 2023.12.21
Check: installed package size
Result: NOTE
installed size is 10.3Mb
sub-directories of 1Mb or more:
R 1.1Mb
libs 8.7Mb
Flavors: r-release-macos-arm64, r-release-macos-x86_64, r-oldrel-macos-arm64