CRAN Package Check Results for Package riv

Last updated on 2025-05-17 18:49:45 CEST.

Flavor Version Tinstall Tcheck Ttotal Status Flags
r-devel-linux-x86_64-debian-clang 2.0-5 8.15 69.46 77.61 NOTE
r-devel-linux-x86_64-debian-gcc 2.0-5 6.30 53.42 59.72 NOTE
r-devel-linux-x86_64-fedora-clang 2.0-5 118.58 OK
r-devel-linux-x86_64-fedora-gcc 2.0-5 114.86 OK
r-devel-windows-x86_64 2.0-5 9.00 81.00 90.00 OK
r-patched-linux-x86_64 2.0-5 8.50 66.31 74.81 OK
r-release-linux-x86_64 2.0-5 7.75 67.14 74.89 OK
r-release-macos-arm64 2.0-5 40.00 OK
r-release-macos-x86_64 2.0-5 72.00 OK
r-release-windows-x86_64 2.0-5 9.00 81.00 90.00 OK
r-oldrel-macos-arm64 2.0-5 37.00 OK
r-oldrel-macos-x86_64 2.0-5 54.00 OK
r-oldrel-windows-x86_64 2.0-5 12.00 97.00 109.00 OK

Check Details

Version: 2.0-5
Check: CRAN incoming feasibility
Result: NOTE Maintainer: ‘Gabriela Cohen-Freue <gcohen@stat.ubc.ca>’ No Authors@R field in DESCRIPTION. Please add one, modifying Authors@R: c(person(given = "Gabriela", family = "Cohen-Freue", role = c("aut", "cre"), email = "gcohen@stat.ubc.ca"), person(given = "Davor", family = "Cubranic", role = "aut"), person(given = c("with", "contributions", "from", "B."), family = "Kaufmann", role = "aut"), person(given = "R.H.", family = "Zamar", role = "aut")) as necessary. Flavors: r-devel-linux-x86_64-debian-clang, r-devel-linux-x86_64-debian-gcc