Last updated on 2025-10-27 05:50:22 CET.
| Flavor | Version | Tinstall | Tcheck | Ttotal | Status | Flags |
|---|---|---|---|---|---|---|
| r-devel-linux-x86_64-debian-clang | 1.2-3 | 21.85 | 50.10 | 71.95 | NOTE | |
| r-devel-linux-x86_64-debian-gcc | 1.2-3 | 12.70 | 37.61 | 50.31 | NOTE | |
| r-devel-linux-x86_64-fedora-clang | 1.2-3 | 41.00 | 69.63 | 110.63 | OK | |
| r-devel-linux-x86_64-fedora-gcc | 1.2-3 | 89.00 | 39.80 | 128.80 | OK | |
| r-devel-windows-x86_64 | 1.2-3 | 18.00 | 85.00 | 103.00 | OK | |
| r-patched-linux-x86_64 | 1.2-3 | 17.46 | 48.10 | 65.56 | OK | |
| r-release-linux-x86_64 | 1.2-3 | 17.56 | 49.10 | 66.66 | OK | |
| r-release-macos-arm64 | 1.2-3 | 7.00 | 40.00 | 47.00 | OK | |
| r-release-macos-x86_64 | 1.2-3 | 10.00 | 61.00 | 71.00 | OK | |
| r-release-windows-x86_64 | 1.2-3 | 19.00 | 90.00 | 109.00 | OK | |
| r-oldrel-macos-arm64 | 1.2-3 | 7.00 | 33.00 | 40.00 | OK | |
| r-oldrel-macos-x86_64 | 1.2-3 | 9.00 | 46.00 | 55.00 | OK | |
| r-oldrel-windows-x86_64 | 1.2-3 | 18.00 | 105.00 | 123.00 | OK |
Version: 1.2-3
Check: CRAN incoming feasibility
Result: NOTE
Maintainer: ‘Michael C Koohafkan <michael.koohafkan@gmail.com>’
Package CITATION file contains call(s) to old-style personList() or
as.personList(). Please use c() on person objects instead.
Package CITATION file contains call(s) to old-style citEntry(). Please
use bibentry() instead.
Flavors: r-devel-linux-x86_64-debian-clang, r-devel-linux-x86_64-debian-gcc