Last updated on 2024-03-28 17:49:40 CET.
Flavor | Version | Tinstall | Tcheck | Ttotal | Status | Flags |
---|---|---|---|---|---|---|
r-devel-linux-x86_64-debian-clang | 0.4.5 | 6.48 | 86.70 | 93.18 | NOTE | |
r-devel-linux-x86_64-debian-gcc | 0.4.5 | 7.14 | 65.30 | 72.44 | NOTE | |
r-devel-linux-x86_64-fedora-clang | 0.4.5 | 118.56 | NOTE | |||
r-devel-linux-x86_64-fedora-gcc | 0.4.5 | 113.00 | NOTE | |||
r-devel-windows-x86_64 | 0.4.5 | 7.00 | 77.00 | 84.00 | NOTE | |
r-patched-linux-x86_64 | 0.4.5 | 12.00 | 83.41 | 95.41 | NOTE | |
r-release-linux-x86_64 | 0.4.5 | 8.99 | 83.75 | 92.74 | NOTE | |
r-release-macos-arm64 | 0.4.5 | 38.00 | NOTE | |||
r-release-macos-x86_64 | 0.4.5 | 64.00 | NOTE | |||
r-release-windows-x86_64 | 0.4.5 | 10.00 | 92.00 | 102.00 | NOTE | |
r-oldrel-macos-arm64 | 0.4.5 | 37.00 | NOTE | |||
r-oldrel-windows-x86_64 | 0.4.5 | 10.00 | 97.00 | 107.00 | NOTE |
Version: 0.4.5
Check: LazyData
Result: NOTE
'LazyData' is specified without a 'data' directory
Flavors: r-devel-linux-x86_64-debian-clang, r-devel-linux-x86_64-debian-gcc, r-devel-linux-x86_64-fedora-clang, r-devel-linux-x86_64-fedora-gcc, r-devel-windows-x86_64, r-patched-linux-x86_64, r-release-linux-x86_64, r-release-macos-arm64, r-release-macos-x86_64, r-release-windows-x86_64, r-oldrel-macos-arm64, r-oldrel-windows-x86_64
Version: 0.4.5
Check: dependencies in R code
Result: NOTE
Namespace in Imports field not imported from: ‘coda’
All declared Imports should be used.
Flavors: r-devel-linux-x86_64-fedora-clang, r-devel-linux-x86_64-fedora-gcc, r-oldrel-macos-arm64