Last updated on 2025-05-18 06:49:24 CEST.
Flavor | Version | Tinstall | Tcheck | Ttotal | Status | Flags |
---|---|---|---|---|---|---|
r-devel-linux-x86_64-debian-clang | 1.3.2 | 204.71 | 34.66 | 239.37 | OK | |
r-devel-linux-x86_64-debian-gcc | 1.3.2 | 185.35 | 28.29 | 213.64 | OK | |
r-devel-linux-x86_64-fedora-clang | 1.3.2 | 343.08 | OK | |||
r-devel-linux-x86_64-fedora-gcc | 1.3.2 | 624.58 | OK | |||
r-devel-windows-x86_64 | 1.3.2 | 233.00 | 102.00 | 335.00 | OK | |
r-patched-linux-x86_64 | 1.3.2 | 248.49 | 32.62 | 281.11 | OK | |
r-release-linux-x86_64 | 1.3.2 | 254.85 | 32.75 | 287.60 | OK | |
r-release-macos-arm64 | 1.3.2 | 186.00 | OK | |||
r-release-macos-x86_64 | 1.3.2 | 197.00 | OK | |||
r-release-windows-x86_64 | 1.3.2 | 229.00 | 111.00 | 340.00 | OK | |
r-oldrel-macos-arm64 | 1.3.2 | 133.00 | NOTE | |||
r-oldrel-macos-x86_64 | 1.3.2 | 148.00 | NOTE | |||
r-oldrel-windows-x86_64 | 1.3.2 | 276.00 | 120.00 | 396.00 | NOTE |
Version: 1.3.2
Check: installed package size
Result: NOTE
installed size is 56.0Mb
sub-directories of 1Mb or more:
include 3.4Mb
libs 51.7Mb
Flavors: r-oldrel-macos-arm64, r-oldrel-macos-x86_64, r-oldrel-windows-x86_64