CRAN Package Check Results for Package rlas

Last updated on 2025-06-30 18:49:50 CEST.

Flavor Version Tinstall Tcheck Ttotal Status Flags
r-devel-linux-x86_64-debian-clang 1.8.2 93.84 31.80 125.64 OK
r-devel-linux-x86_64-debian-gcc 1.8.2 78.25 25.07 103.32 OK
r-devel-linux-x86_64-fedora-clang 1.8.2 235.80 OK
r-devel-linux-x86_64-fedora-gcc 1.8.2 249.15 OK
r-devel-windows-x86_64 1.8.2 149.00 83.00 232.00 OK
r-patched-linux-x86_64 OK
r-release-linux-x86_64 1.8.2 105.46 29.15 134.61 OK
r-release-macos-arm64 1.8.2 72.00 OK
r-release-macos-x86_64 1.8.2 92.00 OK
r-release-windows-x86_64 1.8.2 163.00 91.00 254.00 OK
r-oldrel-macos-arm64 1.8.2 71.00 NOTE
r-oldrel-macos-x86_64 1.8.2 52.00 NOTE
r-oldrel-windows-x86_64 1.8.2 165.00 100.00 265.00 OK

Check Details

Version: 1.8.2
Check: installed package size
Result: NOTE installed size is 9.3Mb sub-directories of 1Mb or more: libs 8.8Mb Flavors: r-oldrel-macos-arm64, r-oldrel-macos-x86_64