Last updated on 2024-07-05 19:04:29 CEST.
Flavor | Version | Tinstall | Tcheck | Ttotal | Status | Flags |
---|---|---|---|---|---|---|
r-devel-linux-x86_64-debian-clang | 1.1.0 | 5.23 | 53.16 | 58.39 | NOTE | |
r-devel-linux-x86_64-debian-gcc | 1.1.0 | 4.19 | 39.00 | 43.19 | NOTE | |
r-devel-linux-x86_64-fedora-clang | 1.1.0 | 72.73 | NOTE | |||
r-devel-linux-x86_64-fedora-gcc | 1.1.0 | 67.65 | NOTE | |||
r-devel-windows-x86_64 | 1.1.0 | 8.00 | 70.00 | 78.00 | NOTE | |
r-patched-linux-x86_64 | 1.1.0 | 3.85 | 49.42 | 53.27 | NOTE | |
r-release-linux-x86_64 | 1.1.0 | 3.67 | 50.35 | 54.02 | NOTE | |
r-release-macos-arm64 | 1.1.0 | 33.00 | NOTE | |||
r-release-macos-x86_64 | 1.1.0 | 44.00 | NOTE | |||
r-release-windows-x86_64 | 1.1.0 | 6.00 | 69.00 | 75.00 | NOTE | |
r-oldrel-macos-arm64 | 1.1.0 | 34.00 | NOTE | |||
r-oldrel-macos-x86_64 | 1.1.0 | 46.00 | NOTE | |||
r-oldrel-windows-x86_64 | 1.1.0 | 7.00 | 78.00 | 85.00 | NOTE |
Version: 1.1.0
Check: LazyData
Result: NOTE
'LazyData' is specified without a 'data' directory
Flavors: r-devel-linux-x86_64-debian-clang, r-devel-linux-x86_64-debian-gcc, r-devel-linux-x86_64-fedora-clang, r-devel-linux-x86_64-fedora-gcc, r-devel-windows-x86_64, r-patched-linux-x86_64, r-release-linux-x86_64, r-release-macos-arm64, r-release-macos-x86_64, r-release-windows-x86_64, r-oldrel-macos-arm64, r-oldrel-macos-x86_64, r-oldrel-windows-x86_64