Last updated on 2024-03-28 17:49:40 CET.
Flavor | Version | Tinstall | Tcheck | Ttotal | Status | Flags |
---|---|---|---|---|---|---|
r-devel-linux-x86_64-debian-clang | 1.0.0.1 | 5.03 | 49.35 | 54.38 | NOTE | |
r-devel-linux-x86_64-debian-gcc | 1.0.0.1 | 5.14 | 38.06 | 43.20 | NOTE | |
r-devel-linux-x86_64-fedora-clang | 1.0.0.1 | 72.10 | NOTE | |||
r-devel-linux-x86_64-fedora-gcc | 1.0.0.1 | 82.05 | NOTE | |||
r-devel-windows-x86_64 | 1.0.0.1 | 6.00 | 59.00 | 65.00 | NOTE | |
r-patched-linux-x86_64 | 1.0.0.1 | 4.65 | 48.41 | 53.06 | NOTE | |
r-release-linux-x86_64 | 1.0.0.1 | 3.73 | 46.18 | 49.91 | NOTE | |
r-release-macos-arm64 | 1.0.0.1 | 30.00 | NOTE | |||
r-release-macos-x86_64 | 1.0.0.1 | 46.00 | NOTE | |||
r-release-windows-x86_64 | 1.0.0.1 | 8.00 | 65.00 | 73.00 | NOTE | |
r-oldrel-macos-arm64 | 1.0.0.1 | 23.00 | NOTE | |||
r-oldrel-windows-x86_64 | 1.0.0.1 | 9.00 | 68.00 | 77.00 | NOTE |
Version: 1.0.0.1
Check: LazyData
Result: NOTE
'LazyData' is specified without a 'data' directory
Flavors: r-devel-linux-x86_64-debian-clang, r-devel-linux-x86_64-debian-gcc, r-devel-linux-x86_64-fedora-clang, r-devel-linux-x86_64-fedora-gcc, r-devel-windows-x86_64, r-patched-linux-x86_64, r-release-linux-x86_64, r-release-macos-arm64, r-release-macos-x86_64, r-release-windows-x86_64, r-oldrel-macos-arm64, r-oldrel-windows-x86_64