Last updated on 2024-07-03 18:57:46 CEST.
Flavor | Version | Tinstall | Tcheck | Ttotal | Status | Flags |
---|---|---|---|---|---|---|
r-devel-linux-x86_64-debian-clang | 0.1.1 | 266.63 | 61.63 | 328.26 | OK | |
r-devel-linux-x86_64-debian-gcc | 0.1.1 | 173.17 | 42.18 | 215.35 | OK | |
r-devel-linux-x86_64-fedora-clang | 0.1.1 | 481.21 | OK | |||
r-devel-linux-x86_64-fedora-gcc | 0.1.1 | 493.95 | OK | |||
r-devel-windows-x86_64 | 0.1.1 | 192.00 | 90.00 | 282.00 | OK | |
r-patched-linux-x86_64 | 0.1.1 | 215.12 | 56.10 | 271.22 | OK | |
r-release-linux-x86_64 | 0.1.1 | 217.34 | 56.23 | 273.57 | OK | |
r-release-macos-arm64 | 0.1.1 | 86.00 | NOTE | |||
r-release-macos-x86_64 | 0.1.1 | 85.00 | NOTE | |||
r-release-windows-x86_64 | 0.1.1 | 193.00 | 90.00 | 283.00 | OK | |
r-oldrel-macos-arm64 | 0.1.1 | 86.00 | NOTE | |||
r-oldrel-macos-x86_64 | 0.1.1 | 113.00 | NOTE | |||
r-oldrel-windows-x86_64 | 0.1.1 | 237.00 | 101.00 | 338.00 | OK |
Version: 0.1.1
Check: installed package size
Result: NOTE
installed size is 8.6Mb
sub-directories of 1Mb or more:
libs 8.1Mb
Flavors: r-release-macos-arm64, r-release-macos-x86_64, r-oldrel-macos-arm64, r-oldrel-macos-x86_64