Last updated on 2025-11-22 17:49:41 CET.
| Flavor | Version | Tinstall | Tcheck | Ttotal | Status | Flags |
|---|---|---|---|---|---|---|
| r-devel-linux-x86_64-debian-clang | 0.1-11 | 34.04 | 53.71 | 87.75 | NOTE | |
| r-devel-linux-x86_64-debian-gcc | 0.1-11 | 19.68 | 41.79 | 61.47 | NOTE | |
| r-devel-linux-x86_64-fedora-clang | 0.1-11 | 85.00 | 69.77 | 154.77 | OK | |
| r-devel-linux-x86_64-fedora-gcc | 0.1-11 | 166.00 | -23.93 | 142.07 | OK | |
| r-devel-windows-x86_64 | 0.1-11 | 44.00 | 86.00 | 130.00 | OK | |
| r-patched-linux-x86_64 | 0.1-11 | 32.96 | 50.72 | 83.68 | OK | |
| r-release-linux-x86_64 | 0.1-11 | 31.79 | 51.42 | 83.21 | OK | |
| r-release-macos-arm64 | 0.1-11 | OK | ||||
| r-release-macos-x86_64 | 0.1-11 | 17.00 | 47.00 | 64.00 | OK | |
| r-release-windows-x86_64 | 0.1-11 | 37.00 | 89.00 | 126.00 | OK | |
| r-oldrel-macos-arm64 | 0.1-11 | OK | ||||
| r-oldrel-macos-x86_64 | 0.1-11 | 15.00 | 49.00 | 64.00 | OK | |
| r-oldrel-windows-x86_64 | 0.1-11 | 48.00 | 106.00 | 154.00 | OK |
Version: 0.1-11
Check: CRAN incoming feasibility
Result: NOTE
Maintainer: ‘Ian M. Johnson <ijca2013@gmail.com>’
No Authors@R field in DESCRIPTION.
Please add one, modifying
Authors@R: person(given = c("Ian", "M."),
family = "Johnson",
role = c("aut", "cre"),
email = "ijca2013@gmail.com")
as necessary.
Flavors: r-devel-linux-x86_64-debian-clang, r-devel-linux-x86_64-debian-gcc