Last updated on 2024-04-23 06:57:12 CEST.
Flavor | Version | Tinstall | Tcheck | Ttotal | Status | Flags |
---|---|---|---|---|---|---|
r-devel-linux-x86_64-debian-clang | 1.1.7 | 72.99 | 33.84 | 106.83 | NOTE | |
r-devel-linux-x86_64-debian-gcc | 1.1.7 | 53.24 | 25.58 | 78.82 | NOTE | |
r-devel-linux-x86_64-fedora-clang | 1.1.7 | 131.21 | NOTE | |||
r-devel-linux-x86_64-fedora-gcc | 1.1.7 | 146.29 | NOTE | |||
r-prerel-macos-arm64 | 1.1.7 | 37.00 | NOTE | |||
r-prerel-macos-x86_64 | 1.1.7 | 87.00 | NOTE | |||
r-prerel-windows-x86_64 | 1.1.7 | 54.00 | 75.00 | 129.00 | NOTE | |
r-patched-linux-x86_64 | 1.1.7 | 68.19 | 32.10 | 100.29 | NOTE | |
r-release-linux-x86_64 | 1.1.7 | 65.52 | 32.56 | 98.08 | NOTE | |
r-release-macos-arm64 | 1.1.7 | 40.00 | NOTE | |||
r-release-macos-x86_64 | 1.1.7 | 88.00 | NOTE | |||
r-release-windows-x86_64 | 1.1.7 | 68.00 | 84.00 | 152.00 | NOTE | |
r-oldrel-macos-arm64 | 1.1.7 | 41.00 | NOTE | |||
r-oldrel-windows-x86_64 | 1.1.7 | 65.00 | 77.00 | 142.00 | NOTE |
Version: 1.1.7
Check: for GNU extensions in Makefiles
Result: NOTE
GNU make is a SystemRequirements.
Flavors: r-devel-linux-x86_64-debian-clang, r-devel-linux-x86_64-debian-gcc, r-devel-linux-x86_64-fedora-clang, r-devel-linux-x86_64-fedora-gcc, r-prerel-macos-arm64, r-prerel-macos-x86_64, r-prerel-windows-x86_64, r-patched-linux-x86_64, r-release-linux-x86_64, r-release-macos-arm64, r-release-macos-x86_64, r-release-windows-x86_64, r-oldrel-macos-arm64, r-oldrel-windows-x86_64
Version: 1.1.7
Check: installed package size
Result: NOTE
installed size is 6.1Mb
sub-directories of 1Mb or more:
libs 5.5Mb
Flavors: r-prerel-macos-arm64, r-prerel-macos-x86_64, r-release-macos-arm64, r-release-macos-x86_64, r-oldrel-macos-arm64