CRAN Package Check Results for Package rolocISCCNBS

Last updated on 2025-11-24 17:50:12 CET.

Flavor Version Tinstall Tcheck Ttotal Status Flags
r-devel-linux-x86_64-debian-clang 0.1 18.93 57.30 76.23 NOTE
r-devel-linux-x86_64-debian-gcc 0.1 12.56 38.64 51.20 NOTE
r-devel-linux-x86_64-fedora-clang 0.1 37.00 81.89 118.89 OK
r-devel-linux-x86_64-fedora-gcc 0.1 45.00 74.46 119.46 OK
r-devel-windows-x86_64 0.1 26.00 65.00 91.00 OK
r-patched-linux-x86_64 0.1 17.27 58.92 76.19 OK
r-release-linux-x86_64 0.1 20.60 58.86 79.46 OK
r-release-macos-arm64 0.1 OK
r-release-macos-x86_64 0.1 27.00 66.00 93.00 OK
r-release-windows-x86_64 0.1 21.00 76.00 97.00 OK
r-oldrel-macos-arm64 0.1 NOTE
r-oldrel-macos-x86_64 0.1 23.00 43.00 66.00 NOTE
r-oldrel-windows-x86_64 0.1 25.00 75.00 100.00 NOTE

Check Details

Version: 0.1
Check: CRAN incoming feasibility
Result: NOTE Maintainer: ‘Paul Murrell <paul@stat.auckland.ac.nz>’ No Authors@R field in DESCRIPTION. Please add one, modifying Authors@R: person(given = "Paul", family = "Murrell", role = c("aut", "cre"), email = "paul@stat.auckland.ac.nz") as necessary. Flavors: r-devel-linux-x86_64-debian-clang, r-devel-linux-x86_64-debian-gcc

Version: 0.1
Check: installed package size
Result: NOTE installed size is 6.5Mb sub-directories of 1Mb or more: R 3.7Mb extdata 2.7Mb Flavors: r-oldrel-macos-arm64, r-oldrel-macos-x86_64, r-oldrel-windows-x86_64