Last updated on 2025-10-31 05:48:53 CET.
| Flavor | Version | Tinstall | Tcheck | Ttotal | Status | Flags | 
|---|---|---|---|---|---|---|
| r-devel-linux-x86_64-debian-clang | 0.1.0 | 1.80 | 23.50 | 25.30 | NOTE | |
| r-devel-linux-x86_64-debian-gcc | 0.1.0 | 1.53 | 19.54 | 21.07 | NOTE | |
| r-devel-linux-x86_64-fedora-clang | 0.1.0 | 35.13 | NOTE | |||
| r-devel-linux-x86_64-fedora-gcc | 0.1.0 | 33.93 | NOTE | |||
| r-devel-windows-x86_64 | 0.1.0 | 4.00 | 41.00 | 45.00 | NOTE | |
| r-patched-linux-x86_64 | 0.1.0 | 1.66 | 21.09 | 22.75 | NOTE | |
| r-release-linux-x86_64 | 0.1.0 | 1.76 | 21.07 | 22.83 | NOTE | |
| r-release-macos-arm64 | 0.1.0 | 1.00 | 18.00 | 19.00 | NOTE | |
| r-release-macos-x86_64 | 0.1.0 | 2.00 | 26.00 | 28.00 | NOTE | |
| r-release-windows-x86_64 | 0.1.0 | 4.00 | 43.00 | 47.00 | NOTE | |
| r-oldrel-macos-arm64 | 0.1.0 | 1.00 | 15.00 | 16.00 | NOTE | |
| r-oldrel-macos-x86_64 | 0.1.0 | 2.00 | 22.00 | 24.00 | NOTE | |
| r-oldrel-windows-x86_64 | 0.1.0 | 4.00 | 46.00 | 50.00 | NOTE | 
Version: 0.1.0
Check: CRAN incoming feasibility
Result: NOTE
  Maintainer: ‘Bob Rudis <bob@rud.is>’
  
  Found the following (possibly) invalid file URI:
    URI: CODE_OF_CONDUCT.md
      From: README.md
Flavors: r-devel-linux-x86_64-debian-clang, r-devel-linux-x86_64-debian-gcc
Version: 0.1.0
Check: package subdirectories
Result: NOTE
  Problems with news in ‘NEWS.md’:
  No news entries found.
Flavors: r-devel-linux-x86_64-debian-clang, r-devel-linux-x86_64-debian-gcc, r-devel-linux-x86_64-fedora-clang, r-devel-linux-x86_64-fedora-gcc, r-devel-windows-x86_64, r-patched-linux-x86_64, r-release-linux-x86_64, r-release-macos-arm64, r-release-macos-x86_64, r-release-windows-x86_64, r-oldrel-macos-arm64, r-oldrel-macos-x86_64, r-oldrel-windows-x86_64