Last updated on 2025-11-23 05:50:33 CET.
| Flavor | Version | Tinstall | Tcheck | Ttotal | Status | Flags |
|---|---|---|---|---|---|---|
| r-devel-linux-x86_64-debian-clang | 0.3.0 | 3.49 | 42.32 | 45.81 | NOTE | |
| r-devel-linux-x86_64-debian-gcc | 0.3.0 | 2.37 | 30.92 | 33.29 | NOTE | |
| r-devel-linux-x86_64-fedora-clang | 0.3.0 | 67.80 | NOTE | |||
| r-devel-linux-x86_64-fedora-gcc | 0.3.0 | 12.00 | 56.61 | 68.61 | NOTE | |
| r-devel-windows-x86_64 | 0.3.0 | 8.00 | 54.00 | 62.00 | NOTE | |
| r-patched-linux-x86_64 | 0.3.0 | 3.07 | 39.08 | 42.15 | NOTE | |
| r-release-linux-x86_64 | 0.3.0 | 3.02 | 38.86 | 41.88 | NOTE | |
| r-release-macos-arm64 | 0.3.0 | NOTE | ||||
| r-release-macos-x86_64 | 0.3.0 | 3.00 | 46.00 | 49.00 | NOTE | |
| r-release-windows-x86_64 | 0.3.0 | 5.00 | 55.00 | 60.00 | NOTE | |
| r-oldrel-macos-arm64 | 0.3.0 | NOTE | ||||
| r-oldrel-macos-x86_64 | 0.3.0 | 3.00 | 31.00 | 34.00 | NOTE | |
| r-oldrel-windows-x86_64 | 0.3.0 | 7.00 | 66.00 | 73.00 | NOTE |
Version: 0.3.0
Check: Rd files
Result: NOTE
checkRd: (-1) osm_url_spec.Rd:23: Lost braces; missing escapes or markup?
23 | \item{server_url}{A url using `{x}`, `{y}`, and `{z}` for the x, y, and
| ^
checkRd: (-1) osm_url_spec.Rd:23: Lost braces; missing escapes or markup?
23 | \item{server_url}{A url using `{x}`, `{y}`, and `{z}` for the x, y, and
| ^
checkRd: (-1) osm_url_spec.Rd:23: Lost braces; missing escapes or markup?
23 | \item{server_url}{A url using `{x}`, `{y}`, and `{z}` for the x, y, and
| ^
Flavors: r-devel-linux-x86_64-debian-clang, r-devel-linux-x86_64-debian-gcc, r-devel-linux-x86_64-fedora-clang, r-devel-linux-x86_64-fedora-gcc, r-devel-windows-x86_64, r-patched-linux-x86_64, r-release-linux-x86_64, r-release-macos-arm64, r-release-macos-x86_64, r-release-windows-x86_64, r-oldrel-macos-arm64, r-oldrel-macos-x86_64, r-oldrel-windows-x86_64