Last updated on 2024-05-08 06:58:38 CEST.
Flavor | Version | Tinstall | Tcheck | Ttotal | Status | Flags |
---|---|---|---|---|---|---|
r-devel-linux-x86_64-debian-clang | 1.0.1 | 2.36 | 93.88 | 96.24 | OK | |
r-devel-linux-x86_64-debian-gcc | 1.0.1 | 1.76 | 59.94 | 61.70 | ERROR | |
r-devel-linux-x86_64-fedora-clang | 1.0.1 | 117.21 | OK | |||
r-devel-linux-x86_64-fedora-gcc | 1.0.1 | 157.65 | OK | |||
r-devel-windows-x86_64 | 1.0.1 | 3.00 | 167.00 | 170.00 | OK | |
r-patched-linux-x86_64 | 1.0.1 | 2.37 | 88.56 | 90.93 | OK | |
r-release-linux-x86_64 | 1.0.1 | 1.36 | 90.49 | 91.85 | OK | |
r-release-macos-arm64 | 1.0.1 | 94.00 | OK | |||
r-release-windows-x86_64 | 1.0.1 | 3.00 | 140.00 | 143.00 | OK | |
r-oldrel-macos-arm64 | 1.0.1 | 92.00 | OK | |||
r-oldrel-macos-x86_64 | 1.0.1 | 116.00 | OK | |||
r-oldrel-windows-x86_64 | 1.0.1 | 4.00 | 162.00 | 166.00 | OK |
Version: 1.0.1
Check: re-building of vignette outputs
Result: ERROR
Error(s) in re-building vignettes:
...
--- re-building ‘rpaleoclim.Rmd’ using rmarkdown
Quitting from lines at lines 118-119 [eg-paleoclim] (rpaleoclim.Rmd)
Error: processing vignette 'rpaleoclim.Rmd' failed with diagnostics:
transfer closed with outstanding read data remaining
--- failed re-building ‘rpaleoclim.Rmd’
SUMMARY: processing the following file failed:
‘rpaleoclim.Rmd’
Error: Vignette re-building failed.
Execution halted
Flavor: r-devel-linux-x86_64-debian-gcc