Last updated on 2025-07-27 06:49:38 CEST.
Flavor | Version | Tinstall | Tcheck | Ttotal | Status | Flags |
---|---|---|---|---|---|---|
r-devel-linux-x86_64-debian-clang | 0.5.1 | 56.98 | 46.97 | 103.95 | OK | |
r-devel-linux-x86_64-debian-gcc | 0.5.1 | 46.71 | 35.04 | 81.75 | OK | |
r-devel-linux-x86_64-fedora-clang | 0.5.1 | 180.72 | OK | |||
r-devel-linux-x86_64-fedora-gcc | 0.5.1 | 191.84 | OK | |||
r-devel-windows-x86_64 | 0.5.1 | 71.00 | 106.00 | 177.00 | OK | |
r-patched-linux-x86_64 | 0.5.1 | 61.94 | 45.55 | 107.49 | OK | |
r-release-linux-x86_64 | 0.5.1 | 63.44 | 45.56 | 109.00 | OK | |
r-release-macos-arm64 | 0.5.1 | 53.00 | OK | |||
r-release-macos-x86_64 | 0.5.1 | 85.00 | OK | |||
r-release-windows-x86_64 | 0.5.1 | 68.00 | 90.00 | 158.00 | OK | |
r-oldrel-macos-arm64 | 0.5.1 | 49.00 | NOTE | |||
r-oldrel-macos-x86_64 | 0.5.1 | 67.00 | NOTE | |||
r-oldrel-windows-x86_64 | 0.5.1 | 81.00 | 107.00 | 188.00 | NOTE |
Version: 0.5.1
Check: installed package size
Result: NOTE
installed size is 9.9Mb
sub-directories of 1Mb or more:
data 2.3Mb
libs 6.0Mb
Flavors: r-oldrel-macos-arm64, r-oldrel-macos-x86_64, r-oldrel-windows-x86_64