Last updated on 2024-05-07 18:49:59 CEST.
Flavor | Version | Tinstall | Tcheck | Ttotal | Status | Flags |
---|---|---|---|---|---|---|
r-devel-linux-x86_64-debian-clang | 0.1-13 | 114.79 | 124.11 | 238.90 | NOTE | |
r-devel-linux-x86_64-debian-gcc | 0.1-13 | 92.60 | 89.73 | 182.33 | NOTE | |
r-devel-linux-x86_64-fedora-clang | 0.1-13 | 346.45 | NOTE | |||
r-devel-linux-x86_64-fedora-gcc | 0.1-13 | 398.15 | NOTE | |||
r-devel-windows-x86_64 | 0.1-13 | 103.00 | 121.00 | 224.00 | NOTE | |
r-patched-linux-x86_64 | 0.1-13 | 122.38 | 114.92 | 237.30 | NOTE | |
r-release-linux-x86_64 | 0.1-13 | 121.36 | 114.71 | 236.07 | NOTE | |
r-release-macos-arm64 | 0.1-13 | 68.00 | NOTE | |||
r-release-windows-x86_64 | 0.1-13 | 100.00 | 116.00 | 216.00 | NOTE | |
r-oldrel-macos-arm64 | 0.1-13 | 80.00 | NOTE | |||
r-oldrel-macos-x86_64 | 0.1-13 | 140.00 | NOTE | |||
r-oldrel-windows-x86_64 | 0.1-13 | 122.00 | 146.00 | 268.00 | NOTE |
Version: 0.1-13
Check: C++ specification
Result: NOTE
Specified C++11: please drop specification unless essential
Flavors: r-devel-linux-x86_64-debian-clang, r-devel-linux-x86_64-debian-gcc, r-devel-linux-x86_64-fedora-clang, r-devel-linux-x86_64-fedora-gcc, r-devel-windows-x86_64, r-patched-linux-x86_64, r-release-linux-x86_64, r-release-macos-arm64, r-release-windows-x86_64, r-oldrel-macos-arm64, r-oldrel-macos-x86_64, r-oldrel-windows-x86_64
Version: 0.1-13
Check: Rd files
Result: NOTE
checkRd: (-1) mrrr.Rd:67: Lost braces in \itemize; meant \describe ?
checkRd: (-1) mrrr.Rd:68: Lost braces in \itemize; meant \describe ?
checkRd: (-1) mrrr.Rd:69-70: Lost braces in \itemize; meant \describe ?
checkRd: (-1) mrrr.Rd:71-72: Lost braces in \itemize; meant \describe ?
checkRd: (-1) mrrr.Rd:73: Lost braces in \itemize; meant \describe ?
checkRd: (-1) mrrr.Rd:74: Lost braces in \itemize; meant \describe ?
Flavors: r-devel-linux-x86_64-debian-clang, r-devel-linux-x86_64-debian-gcc, r-devel-linux-x86_64-fedora-clang, r-devel-linux-x86_64-fedora-gcc, r-devel-windows-x86_64, r-patched-linux-x86_64, r-release-linux-x86_64, r-release-macos-arm64, r-release-windows-x86_64