Last updated on 2024-04-25 06:54:31 CEST.
Flavor | Version | Tinstall | Tcheck | Ttotal | Status | Flags |
---|---|---|---|---|---|---|
r-devel-linux-x86_64-debian-clang | 1.6.3 | 304.19 | 207.79 | 511.98 | OK | |
r-devel-linux-x86_64-debian-gcc | 1.6.3 | 230.78 | 148.76 | 379.54 | NOTE | |
r-devel-linux-x86_64-fedora-clang | 1.6.3 | 717.81 | NOTE | |||
r-devel-linux-x86_64-fedora-gcc | 1.6.3 | 654.17 | OK | |||
r-devel-windows-x86_64 | 1.6.3 | 216.00 | 239.00 | 455.00 | NOTE | |
r-patched-linux-x86_64 | 1.6.3 | 303.00 | 194.84 | 497.84 | OK | |
r-release-linux-x86_64 | 1.6.3 | 287.71 | 195.69 | 483.40 | OK | |
r-release-macos-arm64 | 1.6.3 | 169.00 | NOTE | |||
r-release-windows-x86_64 | 1.6.3 | 219.00 | 240.00 | 459.00 | NOTE | |
r-oldrel-macos-arm64 | 1.6.3 | 170.00 | NOTE | |||
r-oldrel-macos-x86_64 | 1.6.3 | 291.00 | NOTE | |||
r-oldrel-windows-x86_64 | 1.6.3 | 282.00 | 277.00 | 559.00 | NOTE |
Version: 1.6.3
Check: compiled code
Result: NOTE
File ‘rstpm2/libs/rstpm2.so’:
Found non-API call to R: ‘optif9’
Compiled code should not call non-API entry points in R.
See ‘Writing portable packages’ in the ‘Writing R Extensions’ manual.
Flavor: r-devel-linux-x86_64-debian-gcc
Version: 1.6.3
Check: installed package size
Result: NOTE
installed size is 18.1Mb
sub-directories of 1Mb or more:
libs 2.2Mb
Flavors: r-devel-linux-x86_64-fedora-clang, r-devel-windows-x86_64, r-release-macos-arm64, r-release-windows-x86_64, r-oldrel-macos-arm64, r-oldrel-macos-x86_64, r-oldrel-windows-x86_64