Last updated on 2024-03-28 17:49:41 CET.
Flavor | Version | Tinstall | Tcheck | Ttotal | Status | Flags |
---|---|---|---|---|---|---|
r-devel-linux-x86_64-debian-clang | 0.11-5 | 31.60 | 435.46 | 467.06 | NOTE | |
r-devel-linux-x86_64-debian-gcc | 0.11-5 | 25.85 | 298.56 | 324.41 | NOTE | |
r-devel-linux-x86_64-fedora-clang | 0.11-5 | 544.32 | NOTE | |||
r-devel-linux-x86_64-fedora-gcc | 0.11-5 | 546.13 | NOTE | |||
r-devel-windows-x86_64 | 0.11-5 | 27.00 | 277.00 | 304.00 | NOTE | |
r-patched-linux-x86_64 | 0.11-5 | 31.11 | 413.87 | 444.98 | NOTE | |
r-release-linux-x86_64 | 0.11-5 | 30.76 | 396.91 | 427.67 | OK | |
r-release-macos-arm64 | 0.11-5 | 143.00 | OK | |||
r-release-macos-x86_64 | 0.11-5 | 263.00 | OK | |||
r-release-windows-x86_64 | 0.11-5 | 34.00 | 378.00 | 412.00 | OK | |
r-oldrel-macos-arm64 | 0.11-5 | 141.00 | OK | |||
r-oldrel-windows-x86_64 | 0.11-5 | 31.00 | 382.00 | 413.00 | OK |
Version: 0.11-5
Check: Rd files
Result: NOTE
checkRd: (-1) LBA-race.Rd:157: Lost braces
157 | corresponding (and not first) accumulator winning see /code{/link{LBA}}.
| ^
checkRd: (-1) LBA-race.Rd:157: Lost braces
157 | corresponding (and not first) accumulator winning see /code{/link{LBA}}.
| ^
Flavors: r-devel-linux-x86_64-debian-clang, r-devel-linux-x86_64-debian-gcc, r-devel-linux-x86_64-fedora-clang, r-devel-linux-x86_64-fedora-gcc, r-devel-windows-x86_64, r-patched-linux-x86_64