Last updated on 2025-05-05 06:51:46 CEST.
Flavor | Version | Tinstall | Tcheck | Ttotal | Status | Flags |
---|---|---|---|---|---|---|
r-devel-linux-x86_64-debian-clang | 0.2 | 3.98 | 34.47 | 38.45 | NOTE | |
r-devel-linux-x86_64-debian-gcc | 0.2 | 3.25 | 26.31 | 29.56 | NOTE | |
r-devel-linux-x86_64-fedora-clang | 0.2 | 61.06 | OK | |||
r-devel-linux-x86_64-fedora-gcc | 0.2 | 59.39 | OK | |||
r-devel-windows-x86_64 | 0.2 | 5.00 | 51.00 | 56.00 | OK | |
r-patched-linux-x86_64 | 0.2 | 4.43 | 32.87 | 37.30 | OK | |
r-release-linux-x86_64 | 0.2 | 3.66 | 33.04 | 36.70 | OK | |
r-release-macos-arm64 | 0.2 | 23.00 | OK | |||
r-release-macos-x86_64 | 0.2 | 38.00 | OK | |||
r-release-windows-x86_64 | 0.2 | 4.00 | 52.00 | 56.00 | OK | |
r-oldrel-macos-arm64 | 0.2 | 21.00 | OK | |||
r-oldrel-macos-x86_64 | 0.2 | 33.00 | OK | |||
r-oldrel-windows-x86_64 | 0.2 | 4.00 | 60.00 | 64.00 | OK |
Version: 0.2
Check: CRAN incoming feasibility
Result: NOTE
Maintainer: ‘Claas-Thido Pfaff <claas-thido.pfaff@idiv-biodiversity.de>’
No Authors@R field in DESCRIPTION.
Please add one, modifying
Authors@R: person(given = "Claas-Thido",
family = "Pfaff",
role = c("aut", "cre"),
email = "claas-thido.pfaff@idiv-biodiversity.de")
as necessary.
Flavors: r-devel-linux-x86_64-debian-clang, r-devel-linux-x86_64-debian-gcc