Last updated on 2025-06-30 18:49:51 CEST.
Flavor | Version | Tinstall | Tcheck | Ttotal | Status | Flags |
---|---|---|---|---|---|---|
r-devel-linux-x86_64-debian-clang | 0.0.7 | 138.06 | 29.62 | 167.68 | OK | |
r-devel-linux-x86_64-debian-gcc | 0.0.7 | 105.99 | 24.65 | 130.64 | OK | |
r-devel-linux-x86_64-fedora-clang | 0.0.7 | 260.74 | OK | |||
r-devel-linux-x86_64-fedora-gcc | 0.0.7 | 265.66 | OK | |||
r-devel-windows-x86_64 | 0.0.7 | 103.00 | 90.00 | 193.00 | OK | |
r-patched-linux-x86_64 | OK | |||||
r-release-linux-x86_64 | 0.0.7 | 137.71 | 27.68 | 165.39 | OK | |
r-release-macos-arm64 | 0.0.7 | 70.00 | OK | |||
r-release-macos-x86_64 | 0.0.7 | 91.00 | OK | |||
r-release-windows-x86_64 | 0.0.7 | 110.00 | 89.00 | 199.00 | OK | |
r-oldrel-macos-arm64 | 0.0.7 | 69.00 | NOTE | |||
r-oldrel-macos-x86_64 | 0.0.7 | 99.00 | NOTE | |||
r-oldrel-windows-x86_64 | 0.0.7 | 106.00 | 100.00 | 206.00 | NOTE |
Version: 0.0.7
Check: installed package size
Result: NOTE
installed size is 12.7Mb
sub-directories of 1Mb or more:
libs 12.6Mb
Flavors: r-oldrel-macos-arm64, r-oldrel-macos-x86_64, r-oldrel-windows-x86_64