Last updated on 2025-11-04 05:51:24 CET.
| Flavor | Version | Tinstall | Tcheck | Ttotal | Status | Flags | 
|---|---|---|---|---|---|---|
| r-devel-linux-x86_64-debian-clang | 2.0-3 | 67.46 | 106.41 | 173.87 | OK | |
| r-devel-linux-x86_64-debian-gcc | 2.0-3 | 43.82 | 67.77 | 111.59 | OK | |
| r-devel-linux-x86_64-fedora-clang | 2.0-3 | 156.00 | 167.32 | 323.32 | OK | |
| r-devel-linux-x86_64-fedora-gcc | 2.0-3 | 114.00 | 184.82 | 298.82 | OK | |
| r-devel-windows-x86_64 | 2.0-3 | 96.00 | 140.00 | 236.00 | OK | |
| r-patched-linux-x86_64 | 2.0-3 | 65.62 | 98.39 | 164.01 | OK | |
| r-release-linux-x86_64 | 2.0-3 | 60.76 | 98.65 | 159.41 | OK | |
| r-release-macos-arm64 | 2.0-3 | 28.00 | 47.00 | 75.00 | OK | |
| r-release-macos-x86_64 | 2.0-3 | 32.00 | 99.00 | 131.00 | OK | |
| r-release-windows-x86_64 | 2.0-3 | 90.00 | 137.00 | 227.00 | OK | |
| r-oldrel-macos-arm64 | 2.0-3 | 25.00 | 52.00 | 77.00 | NOTE | |
| r-oldrel-macos-x86_64 | 2.0-3 | 31.00 | 94.00 | 125.00 | NOTE | |
| r-oldrel-windows-x86_64 | 2.0-3 | 113.00 | 174.00 | 287.00 | OK | 
Version: 2.0-3
Check: installed package size
Result: NOTE
    installed size is  7.7Mb
    sub-directories of 1Mb or more:
      libs   6.7Mb
Flavors: r-oldrel-macos-arm64, r-oldrel-macos-x86_64