CRAN Package Check Results for Package rucrdtw

Last updated on 2025-10-06 06:50:07 CEST.

Flavor Version Tinstall Tcheck Ttotal Status Flags
r-devel-linux-x86_64-debian-clang 0.1.6 15.90 135.43 151.33 OK
r-devel-linux-x86_64-debian-gcc 0.1.6 10.65 92.83 103.48 OK
r-devel-linux-x86_64-fedora-clang 0.1.6 247.26 OK
r-devel-linux-x86_64-fedora-gcc 0.1.6 255.72 OK
r-devel-windows-x86_64 0.1.6 19.00 183.00 202.00 WARN
r-patched-linux-x86_64 0.1.6 16.51 131.04 147.55 OK
r-release-linux-x86_64 0.1.6 16.30 130.80 147.10 OK
r-release-macos-arm64 0.1.6 80.00 OK
r-release-macos-x86_64 0.1.6 185.00 OK
r-release-windows-x86_64 0.1.6 19.00 184.00 203.00 OK
r-oldrel-macos-arm64 0.1.6 76.00 OK
r-oldrel-macos-x86_64 0.1.6 142.00 OK
r-oldrel-windows-x86_64 0.1.6 21.00 228.00 249.00 OK

Check Details

Version: 0.1.6
Check: whether package can be installed
Result: WARN Found the following significant warnings: dtw_functions.cpp:93:17: warning: array subscript [-2147483647, -1] is outside array bounds of 'void []' [-Warray-bounds=] See 'd:/Rcompile/CRANpkg/local/4.6/rucrdtw.Rcheck/00install.out' for details. * used C++ compiler: 'g++.exe (GCC) 14.2.0' Flavor: r-devel-windows-x86_64