CRAN Package Check Results for Package runes

Last updated on 2025-11-23 05:50:33 CET.

Flavor Version Tinstall Tcheck Ttotal Status Flags
r-devel-linux-x86_64-debian-clang 0.1.0 1.97 19.99 21.96 NOTE
r-devel-linux-x86_64-debian-gcc 0.1.0 1.55 16.36 17.91 NOTE
r-devel-linux-x86_64-fedora-clang 0.1.0 32.97 OK
r-devel-linux-x86_64-fedora-gcc 0.1.0 10.00 22.94 32.94 OK
r-devel-windows-x86_64 0.1.0 6.00 38.00 44.00 OK
r-patched-linux-x86_64 0.1.0 1.97 19.19 21.16 OK
r-release-linux-x86_64 0.1.0 1.89 19.23 21.12 OK
r-release-macos-arm64 0.1.0 OK
r-release-macos-x86_64 0.1.0 2.00 25.00 27.00 OK
r-release-windows-x86_64 0.1.0 3.00 76.00 79.00 OK
r-oldrel-macos-arm64 0.1.0 NOTE
r-oldrel-macos-x86_64 0.1.0 2.00 24.00 26.00 NOTE
r-oldrel-windows-x86_64 0.1.0 4.00 42.00 46.00 NOTE

Check Details

Version: 0.1.0
Check: CRAN incoming feasibility
Result: NOTE Maintainer: ‘Bryan Jenks <bryanjenks@protonmail.com>’ The BugReports field in DESCRIPTION has https://github.com/tallguyjenks/runes which should likely be https://github.com/tallguyjenks/runes/issues instead. Flavors: r-devel-linux-x86_64-debian-clang, r-devel-linux-x86_64-debian-gcc

Version: 0.1.0
Check: LazyData
Result: NOTE 'LazyData' is specified without a 'data' directory Flavors: r-oldrel-macos-arm64, r-oldrel-macos-x86_64, r-oldrel-windows-x86_64