Last updated on 2024-05-04 06:52:21 CEST.
Flavor | Version | Tinstall | Tcheck | Ttotal | Status | Flags |
---|---|---|---|---|---|---|
r-devel-linux-x86_64-debian-clang | 0.2 | 27.78 | 26.09 | 53.87 | NOTE | |
r-devel-linux-x86_64-debian-gcc | 0.2 | 19.86 | 20.54 | 40.40 | NOTE | |
r-devel-linux-x86_64-fedora-clang | 0.2 | 78.31 | NOTE | |||
r-devel-linux-x86_64-fedora-gcc | 0.2 | 73.38 | NOTE | |||
r-devel-windows-x86_64 | 0.2 | 23.00 | 70.00 | 93.00 | NOTE | |
r-patched-linux-x86_64 | 0.2 | 24.25 | 25.29 | 49.54 | NOTE | |
r-release-linux-x86_64 | 0.2 | 24.20 | 25.93 | 50.13 | NOTE | |
r-release-macos-arm64 | 0.2 | 22.00 | NOTE | |||
r-release-windows-x86_64 | 0.2 | 23.00 | 62.00 | 85.00 | NOTE | |
r-oldrel-macos-arm64 | 0.2 | 23.00 | NOTE | |||
r-oldrel-macos-x86_64 | 0.2 | 35.00 | NOTE | |||
r-oldrel-windows-x86_64 | 0.2 | 21.00 | 67.00 | 88.00 | NOTE |
Version: 0.2
Check: LazyData
Result: NOTE
'LazyData' is specified without a 'data' directory
Flavors: r-devel-linux-x86_64-debian-clang, r-devel-linux-x86_64-debian-gcc, r-devel-linux-x86_64-fedora-clang, r-devel-linux-x86_64-fedora-gcc, r-devel-windows-x86_64, r-patched-linux-x86_64, r-release-linux-x86_64, r-release-macos-arm64, r-release-windows-x86_64, r-oldrel-macos-arm64, r-oldrel-macos-x86_64, r-oldrel-windows-x86_64
Version: 0.2
Check: compiled code
Result: NOTE
File ‘rwfec/libs/rwfec.so’:
Found no calls to: ‘R_registerRoutines’, ‘R_useDynamicSymbols’
It is good practice to register native routines and to disable symbol
search.
See ‘Writing portable packages’ in the ‘Writing R Extensions’ manual.
Flavors: r-devel-linux-x86_64-fedora-clang, r-devel-linux-x86_64-fedora-gcc