Last updated on 2024-04-23 18:51:10 CEST.
Flavor | Version | Tinstall | Tcheck | Ttotal | Status | Flags |
---|---|---|---|---|---|---|
r-devel-linux-x86_64-debian-clang | 1.01 | 2.47 | 23.53 | 26.00 | NOTE | |
r-devel-linux-x86_64-debian-gcc | 1.01 | 1.80 | 18.67 | 20.47 | NOTE | |
r-devel-linux-x86_64-fedora-clang | 1.01 | 32.90 | NOTE | |||
r-devel-linux-x86_64-fedora-gcc | 1.01 | 33.03 | NOTE | |||
r-prerel-macos-arm64 | 1.01 | 15.00 | NOTE | |||
r-prerel-windows-x86_64 | 1.01 | 3.00 | 40.00 | 43.00 | NOTE | |
r-patched-linux-x86_64 | 1.01 | 2.82 | 22.77 | 25.59 | NOTE | |
r-release-linux-x86_64 | 1.01 | 2.53 | 23.34 | 25.87 | NOTE | |
r-release-macos-arm64 | 1.01 | 18.00 | NOTE | |||
r-release-macos-x86_64 | 1.01 | 24.00 | NOTE | |||
r-release-windows-x86_64 | 1.01 | 3.00 | 39.00 | 42.00 | NOTE | |
r-oldrel-macos-arm64 | 1.01 | 19.00 | NOTE | |||
r-oldrel-windows-x86_64 | 1.01 | 4.00 | 44.00 | 48.00 | NOTE |
Version: 1.01
Check: DESCRIPTION meta-information
Result: NOTE
Malformed Title field: should not end in a period.
Flavors: r-devel-linux-x86_64-debian-clang, r-devel-linux-x86_64-debian-gcc, r-devel-linux-x86_64-fedora-clang, r-devel-linux-x86_64-fedora-gcc, r-prerel-macos-arm64, r-prerel-windows-x86_64, r-patched-linux-x86_64, r-release-linux-x86_64, r-release-macos-arm64, r-release-macos-x86_64, r-release-windows-x86_64, r-oldrel-macos-arm64, r-oldrel-windows-x86_64
Version: 1.01
Check: installed package size
Result: NOTE
installed size is 5.1Mb
sub-directories of 1Mb or more:
data 5.0Mb
Flavors: r-devel-linux-x86_64-fedora-clang, r-prerel-macos-arm64, r-prerel-windows-x86_64, r-release-macos-arm64, r-release-macos-x86_64, r-release-windows-x86_64, r-oldrel-macos-arm64, r-oldrel-windows-x86_64