Last updated on 2024-05-07 18:49:59 CEST.
Flavor | Version | Tinstall | Tcheck | Ttotal | Status | Flags |
---|---|---|---|---|---|---|
r-devel-linux-x86_64-debian-clang | 2.1.2 | 308.66 | 376.68 | 685.34 | OK | |
r-devel-linux-x86_64-debian-gcc | 2.1.2 | 238.22 | 269.40 | 507.62 | OK | |
r-devel-linux-x86_64-fedora-clang | 2.1.2 | 880.68 | OK | |||
r-devel-linux-x86_64-fedora-gcc | 2.1.2 | 1004.78 | OK | |||
r-devel-windows-x86_64 | 2.1.2 | 270.00 | 329.00 | 599.00 | ERROR | |
r-patched-linux-x86_64 | 2.1.2 | 302.64 | 364.47 | 667.11 | OK | |
r-release-linux-x86_64 | 2.1.2 | 292.01 | 365.32 | 657.33 | OK | |
r-release-macos-arm64 | 2.1.2 | 215.00 | OK | |||
r-release-macos-x86_64 | 2.1.2 | 431.00 | OK | |||
r-release-windows-x86_64 | 2.1.2 | 266.00 | 392.00 | 658.00 | NOTE | |
r-oldrel-macos-arm64 | 2.1.2 | 220.00 | OK | |||
r-oldrel-macos-x86_64 | 2.1.2 | 352.00 | OK | |||
r-oldrel-windows-x86_64 | 2.1.2 | 309.00 | 476.00 | 785.00 | NOTE |
Version: 2.1.2
Check: installed package size
Result: NOTE
installed size is 5.3Mb
sub-directories of 1Mb or more:
R 1.0Mb
libs 2.6Mb
Flavors: r-devel-windows-x86_64, r-release-windows-x86_64, r-oldrel-windows-x86_64
Version: 2.1.2
Check: tests
Result: ERROR
Running 'testthat.R' [100s]
Running the tests in 'tests/testthat.R' failed.
Complete output:
> library(rxode2)
rxode2 2.1.2 using 2 threads (see ?getRxThreads)
no cache: create with `rxCreateCache()`
> library(testthat)
> setRxThreads(1L)
> library(data.table)
> setDTthreads(1L)
> ##test_check("rxode2", reporter = testthat::LocationReporter)
> test_check("rxode2")
using C compiler: 'gcc.exe (GCC) 13.2.0'
using C compiler: 'gcc.exe (GCC) 13.2.0'
using C compiler: 'gcc.exe (GCC) 13.2.0'
using C compiler: 'gcc.exe (GCC) 13.2.0'
using C compiler: 'gcc.exe (GCC) 13.2.0'
using C compiler: 'gcc.exe (GCC) 13.2.0'
udunits database from D:/RCompile/CRANpkg/lib/4.5/units/share/udunits/udunits2.xml
using C compiler: 'gcc.exe (GCC) 13.2.0'
using C compiler: 'gcc.exe (GCC) 13.2.0'
using C compiler: 'gcc.exe (GCC) 13.2.0'
using C compiler: 'gcc.exe (GCC) 13.2.0'
using C compiler: 'gcc.exe (GCC) 13.2.0'
! in order to put confidence bands around the intervals, you need at least 2500 simulations
summarizing data...done
! in order to put confidence bands around the intervals, you need at least 2500 simulations
summarizing data...done
! in order to put confidence bands around the intervals, you need at least 2500 simulations
summarizing data...done
! in order to put confidence bands around the intervals, you need at least 2500 simulations
summarizing data...done
! in order to put confidence bands around the intervals, you need at least 2500 simulations
summarizing data...done
! in order to put confidence bands around the intervals, you need at least 2500 simulations
summarizing data...done
using C compiler: 'gcc.exe (GCC) 13.2.0'
i parameter labels from comments will be replaced by 'label()'
i add covariate `wt_cl`
i add covariate `WT`
i promote `wt_cl` to population parameter with initial estimate 0.75
i fix `wt_cl` to `0.75`
i change initial estimate of `wt_cl` to `0.75`
using C compiler: 'gcc.exe (GCC) 13.2.0'
using C compiler: 'gcc.exe (GCC) 13.2.0'
using C compiler: 'gcc.exe (GCC) 13.2.0'
i change initial estimate of `b` to `1`
i change initial estimate of `h` to `1`
i change initial estimate of `h` to `3`
i convert 'lka' from population parameter to between subject variability
i convert 'lka' from between subject variability to population parameter
i convert 'lka' from between subject variability to population parameter
i convert 'lka' from between subject variability to population parameter
i convert 'lcl' from population parameter to between subject variability
i old initial estimate was negative, changing to positive
i convert 'lvc' from population parameter to between subject variability
i old initial estimate is zero, changing to 1
i convert 'lvc' from between subject variability to population parameter
i convert 'lvc' from population parameter to between subject variability
i changing between subject variability parameter 'lka' to covariate parameter
i changing between subject variability parameter 'lka' to covariate parameter
using C compiler: 'gcc.exe (GCC) 13.2.0'
Flavor: r-devel-windows-x86_64