Last updated on 2025-11-03 17:50:02 CET.
| Flavor | Version | Tinstall | Tcheck | Ttotal | Status | Flags |
|---|---|---|---|---|---|---|
| r-devel-linux-x86_64-debian-clang | 0.2.14 | 78.27 | 29.79 | 108.06 | NOTE | |
| r-devel-linux-x86_64-debian-gcc | 0.2.14 | 59.16 | 24.02 | 83.18 | NOTE | |
| r-devel-linux-x86_64-fedora-clang | 0.2.14 | 212.00 | 23.15 | 235.15 | NOTE | |
| r-devel-linux-x86_64-fedora-gcc | 0.2.14 | 204.00 | -0.32 | 203.68 | NOTE | |
| r-devel-windows-x86_64 | 0.2.14 | 94.00 | 71.00 | 165.00 | NOTE | |
| r-patched-linux-x86_64 | 0.2.14 | 85.28 | 27.18 | 112.46 | OK | |
| r-release-linux-x86_64 | 0.2.14 | 86.16 | 27.15 | 113.31 | OK | |
| r-release-macos-arm64 | 0.2.14 | 33.00 | 20.00 | 53.00 | OK | |
| r-release-macos-x86_64 | 0.2.14 | 38.00 | 39.00 | 77.00 | OK | |
| r-release-windows-x86_64 | 0.2.14 | 96.00 | 72.00 | 168.00 | OK | |
| r-oldrel-macos-arm64 | 0.2.14 | 38.00 | 31.00 | 69.00 | NOTE | |
| r-oldrel-macos-x86_64 | 0.2.14 | 31.00 | 46.00 | 77.00 | NOTE | |
| r-oldrel-windows-x86_64 | 0.2.14 | 108.00 | 90.00 | 198.00 | OK |
Version: 0.2.14
Check: Rd files
Result: NOTE
checkRd: (-1) rxylib-package.Rd:31-53: Only 7 columns allowed in this table (row 23 has 3)
Flavors: r-devel-linux-x86_64-debian-clang, r-devel-linux-x86_64-debian-gcc, r-devel-linux-x86_64-fedora-clang, r-devel-linux-x86_64-fedora-gcc, r-devel-windows-x86_64
Version: 0.2.14
Check: installed package size
Result: NOTE
installed size is 8.9Mb
sub-directories of 1Mb or more:
libs 8.5Mb
Flavors: r-oldrel-macos-arm64, r-oldrel-macos-x86_64