Last updated on 2025-07-19 06:48:43 CEST.
Flavor | Version | Tinstall | Tcheck | Ttotal | Status | Flags |
---|---|---|---|---|---|---|
r-devel-linux-x86_64-debian-clang | 1.0.5 | 43.56 | 349.36 | 392.92 | NOTE | |
r-devel-linux-x86_64-debian-gcc | 1.0.5 | 28.54 | 219.67 | 248.21 | NOTE | |
r-devel-linux-x86_64-fedora-clang | 1.0.5 | 664.41 | OK | |||
r-devel-linux-x86_64-fedora-gcc | 1.0.5 | 698.29 | OK | |||
r-devel-windows-x86_64 | 1.0.5 | 44.00 | 297.00 | 341.00 | NOTE | |
r-patched-linux-x86_64 | 1.0.5 | 45.42 | 333.40 | 378.82 | NOTE | |
r-release-linux-x86_64 | 1.0.5 | 40.39 | 333.65 | 374.04 | NOTE | |
r-release-macos-arm64 | 1.0.5 | 202.00 | OK | |||
r-release-macos-x86_64 | 1.0.5 | 460.00 | OK | |||
r-release-windows-x86_64 | 1.0.5 | 47.00 | 295.00 | 342.00 | NOTE | |
r-oldrel-macos-arm64 | 1.0.5 | 159.00 | OK | |||
r-oldrel-macos-x86_64 | 1.0.5 | 289.00 | OK | |||
r-oldrel-windows-x86_64 | 1.0.5 | 64.00 | 417.00 | 481.00 | OK |
Version: 1.0.5
Check: CRAN incoming feasibility
Result: NOTE
Maintainer: ‘Florian Detsch <fdetsch@web.de>’
No Authors@R field in DESCRIPTION.
Please add one, modifying
Authors@R: c(person(given = "Thomas",
family = "Nauss",
role = "aut"),
person(given = "Hanna",
family = "Meyer",
role = "aut"),
person(given = "Tim",
family = "Appelhans",
role = "aut"),
person(given = "Florian",
family = "Detsch",
role = c("aut", "cre"),
email = "fdetsch@web.de"))
as necessary.
Flavors: r-devel-linux-x86_64-debian-clang, r-devel-linux-x86_64-debian-gcc
Version: 1.0.5
Check: Rd cross-references
Result: NOTE
Found the following Rd file(s) with Rd \link{} targets missing package
anchors:
alignGeometry.Rd: resample, projectRaster
calcTopoCorr.Rd: hillShade, writeRaster
crop.Rd: extent
demTools.Rd: hillShade
satellite.Rd: raster
Please provide package anchors for all Rd \link{} targets not in the
package itself and the base packages.
Flavors: r-devel-linux-x86_64-debian-clang, r-devel-linux-x86_64-debian-gcc, r-devel-windows-x86_64, r-patched-linux-x86_64, r-release-linux-x86_64, r-release-windows-x86_64