Last updated on 2024-07-03 18:57:47 CEST.
Flavor | Version | Tinstall | Tcheck | Ttotal | Status | Flags |
---|---|---|---|---|---|---|
r-devel-linux-x86_64-debian-clang | 1.0.3 | 48.39 | 96.47 | 144.86 | OK | |
r-devel-linux-x86_64-debian-gcc | 1.0.3 | 39.38 | 74.08 | 113.46 | OK | |
r-devel-linux-x86_64-fedora-clang | 1.0.3 | 193.59 | OK | |||
r-devel-linux-x86_64-fedora-gcc | 1.0.3 | 197.19 | OK | |||
r-devel-windows-x86_64 | 1.0.3 | 40.00 | 103.00 | 143.00 | OK | |
r-patched-linux-x86_64 | 1.0.3 | 33.22 | 91.38 | 124.60 | OK | |
r-release-linux-x86_64 | 1.0.3 | 32.90 | 94.69 | 127.59 | OK | |
r-release-macos-arm64 | 1.0.3 | 57.00 | NOTE | |||
r-release-macos-x86_64 | 1.0.3 | 90.00 | NOTE | |||
r-release-windows-x86_64 | 1.0.3 | 38.00 | 114.00 | 152.00 | OK | |
r-oldrel-macos-arm64 | 1.0.3 | 57.00 | NOTE | |||
r-oldrel-macos-x86_64 | 1.0.3 | 88.00 | NOTE | |||
r-oldrel-windows-x86_64 | 1.0.3 | 54.00 | 135.00 | 189.00 | OK |
Version: 1.0.3
Check: installed package size
Result: NOTE
installed size is 5.4Mb
sub-directories of 1Mb or more:
data 2.3Mb
libs 3.0Mb
Flavors: r-release-macos-arm64, r-release-macos-x86_64, r-oldrel-macos-arm64, r-oldrel-macos-x86_64