CRAN Package Check Results for Package sbmSDP

Last updated on 2025-07-01 18:48:44 CEST.

Flavor Version Tinstall Tcheck Ttotal Status Flags
r-devel-linux-x86_64-debian-clang 0.2 22.31 25.72 48.03 NOTE
r-devel-linux-x86_64-debian-gcc 0.2 15.73 21.04 36.77 NOTE
r-devel-linux-x86_64-fedora-clang 0.2 83.30 NOTE
r-devel-linux-x86_64-fedora-gcc 0.2 81.81 NOTE
r-devel-windows-x86_64 0.2 27.00 63.00 90.00 OK
r-patched-linux-x86_64 OK
r-release-linux-x86_64 0.2 22.42 25.33 47.75 OK
r-release-macos-arm64 0.2 31.00 OK
r-release-macos-x86_64 0.2 42.00 OK
r-release-windows-x86_64 0.2 25.00 66.00 91.00 OK
r-oldrel-macos-arm64 0.2 29.00 OK
r-oldrel-macos-x86_64 0.2 37.00 OK
r-oldrel-windows-x86_64 0.2 23.00 74.00 97.00 OK

Check Details

Version: 0.2
Check: CRAN incoming feasibility
Result: NOTE Maintainer: ‘Arash A. Amini <amini.aa@gmail.com>’ No Authors@R field in DESCRIPTION. Please add one, modifying Authors@R: person(given = c("Arash", "A."), family = "Amini", role = c("aut", "cre"), email = "amini.aa@gmail.com") as necessary. Found the following \keyword or \concept entries which likely give several index terms: File ‘sbmSDP-package.Rd’: \keyword{ community detection stochastic block mo [TRUNCATED] Flavors: r-devel-linux-x86_64-debian-clang, r-devel-linux-x86_64-debian-gcc

Version: 0.2
Check: compiled code
Result: NOTE File ‘sbmSDP/libs/sbmSDP.so’: Found no calls to: ‘R_registerRoutines’, ‘R_useDynamicSymbols’ It is good practice to register native routines and to disable symbol search. See ‘Writing portable packages’ in the ‘Writing R Extensions’ manual. Flavors: r-devel-linux-x86_64-fedora-clang, r-devel-linux-x86_64-fedora-gcc