Last updated on 2024-07-03 18:57:47 CEST.
Flavor | Version | Tinstall | Tcheck | Ttotal | Status | Flags |
---|---|---|---|---|---|---|
r-devel-linux-x86_64-debian-clang | 0.61.0 | 15.87 | 136.21 | 152.08 | OK | |
r-devel-linux-x86_64-debian-gcc | 0.61.0 | 12.56 | 96.68 | 109.24 | OK | |
r-devel-linux-x86_64-fedora-clang | 0.61.0 | 204.14 | NOTE | |||
r-devel-linux-x86_64-fedora-gcc | 0.61.0 | 178.08 | NOTE | |||
r-devel-windows-x86_64 | 0.60.0 | 15.00 | 106.00 | 121.00 | OK | |
r-patched-linux-x86_64 | 0.60.0 | 16.74 | 112.24 | 128.98 | OK | |
r-release-linux-x86_64 | 0.60.0 | 10.23 | 112.70 | 122.93 | OK | |
r-release-macos-arm64 | 0.61.0 | 53.00 | OK | |||
r-release-macos-x86_64 | 0.61.0 | 141.00 | OK | |||
r-release-windows-x86_64 | 0.61.0 | 17.00 | 115.00 | 132.00 | OK | |
r-oldrel-macos-arm64 | 0.61.0 | 68.00 | OK | |||
r-oldrel-macos-x86_64 | 0.61.0 | 101.00 | OK | |||
r-oldrel-windows-x86_64 | 0.61.0 | 20.00 | 137.00 | 157.00 | OK |
Version: 0.61.0
Check: data for non-ASCII characters
Result: NOTE
Note: found 1 marked UTF-8 string
Flavors: r-devel-linux-x86_64-fedora-clang, r-devel-linux-x86_64-fedora-gcc