Last updated on 2024-03-28 17:49:41 CET.
Flavor | Version | Tinstall | Tcheck | Ttotal | Status | Flags |
---|---|---|---|---|---|---|
r-devel-linux-x86_64-debian-clang | 2.3.3 | 12.19 | 124.89 | 137.08 | NOTE | |
r-devel-linux-x86_64-debian-gcc | 2.3.3 | 8.59 | 92.79 | 101.38 | NOTE | |
r-devel-linux-x86_64-fedora-clang | 2.3.3 | 164.86 | NOTE | |||
r-devel-linux-x86_64-fedora-gcc | 2.3.3 | 171.09 | NOTE | |||
r-devel-windows-x86_64 | 2.3.3 | 10.00 | 142.00 | 152.00 | NOTE | |
r-patched-linux-x86_64 | 2.3.3 | 7.63 | 119.79 | 127.42 | NOTE | |
r-release-linux-x86_64 | 2.3.3 | 6.94 | 118.03 | 124.97 | NOTE | |
r-release-macos-arm64 | 2.3.3 | 67.00 | NOTE | |||
r-release-macos-x86_64 | 2.3.3 | 94.00 | NOTE | |||
r-release-windows-x86_64 | 2.3.3 | 15.00 | 152.00 | 167.00 | NOTE | |
r-oldrel-macos-arm64 | 2.3.3 | 63.00 | OK | |||
r-oldrel-windows-x86_64 | 2.3.3 | 16.00 | 161.00 | 177.00 | OK |
Version: 2.3.3
Check: Rd files
Result: NOTE
checkRd: (-1) getSigmaR.Rd:13-14: Lost braces
13 | \item{digits}{digits}{number of decimal places to use when rounding,
| ^
checkRd: (-1) x.oreo.Rd:48: Escaped LaTeX specials: \_ \_
Flavors: r-devel-linux-x86_64-debian-clang, r-devel-linux-x86_64-debian-gcc, r-devel-linux-x86_64-fedora-clang, r-devel-linux-x86_64-fedora-gcc, r-devel-windows-x86_64, r-patched-linux-x86_64
Version: 2.3.3
Check: Rd files
Result: NOTE
checkRd: (-1) x.oreo.Rd:48: Escaped LaTeX specials: \_ \_
Flavors: r-release-linux-x86_64, r-release-macos-arm64, r-release-macos-x86_64, r-release-windows-x86_64