CRAN Package Check Results for Package sccr

Last updated on 2025-11-19 05:48:55 CET.

Flavor Version Tinstall Tcheck Ttotal Status Flags
r-devel-linux-x86_64-debian-clang 2.1 1.31 24.99 26.30 NOTE
r-devel-linux-x86_64-debian-gcc 2.1 1.41 19.58 20.99 NOTE
r-devel-linux-x86_64-fedora-clang 2.1 39.53 OK
r-devel-linux-x86_64-fedora-gcc 2.1 37.25 OK
r-devel-windows-x86_64 2.1 5.00 41.00 46.00 OK
r-patched-linux-x86_64 2.1 1.55 23.59 25.14 OK
r-release-linux-x86_64 2.1 1.72 23.21 24.93 OK
r-release-macos-arm64 2.1 1.00 16.00 17.00 OK
r-release-macos-x86_64 2.1 2.00 33.00 35.00 OK
r-release-windows-x86_64 2.1 5.00 40.00 45.00 OK
r-oldrel-macos-arm64 2.1 1.00 18.00 19.00 OK
r-oldrel-macos-x86_64 2.1 2.00 21.00 23.00 OK
r-oldrel-windows-x86_64 2.1 4.00 48.00 52.00 OK

Check Details

Version: 2.1
Check: CRAN incoming feasibility
Result: NOTE Maintainer: ‘Alicja Wolny-Dominiak<woali@ue.katowice.pl>’ No Authors@R field in DESCRIPTION. Please add one, modifying Authors@R: c(person(given = "Peter", family = "Adamic", role = "aut"), person(given = "Alicja", family = "Wolny-Dominiak", role = c("aut", "cre"), email = "woali@ue.katowice.pl")) as necessary. Flavors: r-devel-linux-x86_64-debian-clang, r-devel-linux-x86_64-debian-gcc