Last updated on 2024-05-04 06:52:22 CEST.
Flavor | Version | Tinstall | Tcheck | Ttotal | Status | Flags |
---|---|---|---|---|---|---|
r-devel-linux-x86_64-debian-clang | 1.3.0 | 0.51 | 2.48 | 2.99 | ERROR | |
r-devel-linux-x86_64-debian-gcc | 1.3.0 | 48.12 | 385.61 | 433.73 | OK | |
r-devel-linux-x86_64-fedora-clang | 1.3.0 | 795.63 | OK | |||
r-devel-linux-x86_64-fedora-gcc | 1.3.0 | 732.78 | OK | |||
r-devel-windows-x86_64 | 1.3.0 | 60.00 | 390.00 | 450.00 | OK | |
r-patched-linux-x86_64 | 1.3.0 | 44.72 | 499.34 | 544.06 | OK | |
r-release-linux-x86_64 | 1.3.0 | 48.57 | 496.14 | 544.71 | OK | |
r-release-macos-arm64 | 1.3.0 | 205.00 | OK | |||
r-release-macos-x86_64 | 1.3.0 | 374.00 | OK | |||
r-release-windows-x86_64 | 1.3.0 | 57.00 | 386.00 | 443.00 | OK | |
r-oldrel-macos-arm64 | 1.3.0 | 182.00 | OK | |||
r-oldrel-macos-x86_64 | 1.3.0 | 329.00 | OK | |||
r-oldrel-windows-x86_64 | 1.3.0 | 74.00 | 512.00 | 586.00 | OK |
Version: 1.3.0
Check: package dependencies
Result: ERROR
Packages required but not available: 'alakazam', 'shazam'
See section ‘The DESCRIPTION file’ in the ‘Writing R Extensions’
manual.
Flavor: r-devel-linux-x86_64-debian-clang