Last updated on 2025-11-20 05:49:36 CET.
| Flavor | Version | Tinstall | Tcheck | Ttotal | Status | Flags |
|---|---|---|---|---|---|---|
| r-devel-linux-x86_64-debian-clang | 0.1.0 | 24.08 | 226.60 | 250.68 | NOTE | |
| r-devel-linux-x86_64-debian-gcc | 0.1.0 | 17.88 | 157.52 | 175.40 | NOTE | |
| r-devel-linux-x86_64-fedora-clang | 0.1.0 | 51.00 | 325.07 | 376.07 | OK | |
| r-devel-linux-x86_64-fedora-gcc | 0.1.0 | 58.00 | 296.17 | 354.17 | OK | |
| r-devel-windows-x86_64 | 0.1.0 | 28.00 | 178.00 | 206.00 | OK | |
| r-patched-linux-x86_64 | 0.1.0 | 23.29 | 209.97 | 233.26 | OK | |
| r-release-linux-x86_64 | 0.1.0 | 24.74 | 212.66 | 237.40 | OK | |
| r-release-macos-arm64 | 0.1.0 | OK | ||||
| r-release-macos-x86_64 | 0.1.0 | 19.00 | 291.00 | 310.00 | OK | |
| r-release-windows-x86_64 | 0.1.0 | 24.00 | 174.00 | 198.00 | OK | |
| r-oldrel-macos-arm64 | 0.1.0 | OK | ||||
| r-oldrel-macos-x86_64 | 0.1.0 | 15.00 | 230.00 | 245.00 | OK | |
| r-oldrel-windows-x86_64 | 0.1.0 | 33.00 | 237.00 | 270.00 | OK |
Version: 0.1.0
Check: CRAN incoming feasibility
Result: NOTE
Maintainer: ‘Stefan Peidli <stefanpeidli@gmail.com>’
No Authors@R field in DESCRIPTION.
Please add one, modifying
Authors@R: person(given = "Stefan",
family = "Peidli",
role = c("aut", "cre"),
email = "stefanpeidli@gmail.com")
as necessary.
Flavors: r-devel-linux-x86_64-debian-clang, r-devel-linux-x86_64-debian-gcc