CRAN Package Check Results for Package scrollrevealR

Last updated on 2025-05-18 18:50:13 CEST.

Flavor Version Tinstall Tcheck Ttotal Status Flags
r-devel-linux-x86_64-debian-clang 0.2.0 1.64 21.39 23.03 OK
r-devel-linux-x86_64-debian-gcc 0.2.0 1.39 17.70 19.09 OK
r-devel-linux-x86_64-fedora-clang 0.2.0 35.27 OK
r-devel-linux-x86_64-fedora-gcc 0.2.0 47.12 OK
r-devel-windows-x86_64 0.2.0 2.00 41.00 43.00 OK
r-patched-linux-x86_64 0.2.0 1.61 19.58 21.19 OK
r-release-linux-x86_64 0.2.0 1.51 19.68 21.19 OK
r-release-macos-arm64 0.2.0 35.00 OK
r-release-macos-x86_64 0.2.0 40.00 OK
r-release-windows-x86_64 0.2.0 3.00 47.00 50.00 OK
r-oldrel-macos-arm64 0.2.0 21.00 NOTE
r-oldrel-macos-x86_64 0.2.0 33.00 NOTE
r-oldrel-windows-x86_64 0.2.0 3.00 46.00 49.00 NOTE

Check Details

Version: 0.2.0
Check: LazyData
Result: NOTE 'LazyData' is specified without a 'data' directory Flavors: r-oldrel-macos-arm64, r-oldrel-macos-x86_64, r-oldrel-windows-x86_64