Last updated on 2025-10-11 06:50:21 CEST.
Flavor | Version | Tinstall | Tcheck | Ttotal | Status | Flags |
---|---|---|---|---|---|---|
r-devel-linux-x86_64-debian-clang | 3.2.7 | 8.45 | 22.80 | 31.25 | OK | |
r-devel-linux-x86_64-debian-gcc | 3.2.7 | 9.26 | 18.94 | 28.20 | OK | |
r-devel-linux-x86_64-fedora-clang | 3.2.7 | 48.08 | OK | |||
r-devel-linux-x86_64-fedora-gcc | 3.2.7 | 54.31 | OK | |||
r-devel-windows-x86_64 | 3.2.7 | 1.00 | 5.00 | 6.00 | ERROR | |
r-patched-linux-x86_64 | 3.2.7 | 12.22 | 21.28 | 33.50 | OK | |
r-release-linux-x86_64 | 3.2.7 | 11.20 | 21.65 | 32.85 | OK | |
r-release-macos-arm64 | 3.2.7 | 44.00 | OK | |||
r-release-macos-x86_64 | 3.2.7 | 65.00 | OK | |||
r-release-windows-x86_64 | 3.2.7 | 41.00 | 45.00 | 86.00 | OK | |
r-oldrel-macos-arm64 | 3.2.7 | 40.00 | NOTE | |||
r-oldrel-macos-x86_64 | 3.2.7 | 58.00 | NOTE | |||
r-oldrel-windows-x86_64 | 3.2.7 | 48.00 | 48.00 | 96.00 | NOTE |
Version: 3.2.7
Check: whether package can be installed
Result: ERROR
Installation failed.
Flavor: r-devel-windows-x86_64
Version: 3.2.7
Check: for GNU extensions in Makefiles
Result: NOTE
GNU make is a SystemRequirements.
Flavors: r-oldrel-macos-arm64, r-oldrel-macos-x86_64, r-oldrel-windows-x86_64