Last updated on 2024-05-05 18:53:50 CEST.
Flavor | Version | Tinstall | Tcheck | Ttotal | Status | Flags |
---|---|---|---|---|---|---|
r-devel-linux-x86_64-debian-clang | 1.11-1 | 7.53 | 54.06 | 61.59 | OK | |
r-devel-linux-x86_64-debian-gcc | 1.11-1 | 5.10 | 39.71 | 44.81 | OK | |
r-devel-linux-x86_64-fedora-clang | 1.11-1 | 78.57 | OK | |||
r-devel-linux-x86_64-fedora-gcc | 1.11-1 | 87.57 | OK | |||
r-devel-windows-x86_64 | 1.11-1 | 7.00 | 84.00 | 91.00 | OK | |
r-patched-linux-x86_64 | 1.11-1 | 8.19 | 51.56 | 59.75 | OK | |
r-release-linux-x86_64 | 1.11-1 | 6.19 | 49.97 | 56.16 | OK | |
r-release-macos-arm64 | 1.11-1 | 30.00 | OK | |||
r-release-windows-x86_64 | 1.11-1 | 7.00 | 84.00 | 91.00 | OK | |
r-oldrel-macos-arm64 | 1.11-1 | 33.00 | OK | |||
r-oldrel-macos-x86_64 | 1.11-1 | 45.00 | NOTE | |||
r-oldrel-windows-x86_64 | 1.11-1 | 8.00 | 87.00 | 95.00 | OK |
Version: 1.11-1
Check: re-building of vignette outputs
Result: NOTE
Error(s) in re-building vignettes:
--- re-building ‘intro.Rnw’ using Sweave
scuba 1.11-1
Type ‘help(scuba)’ for an introduction
Read the warnings in ‘help(scuba.disclaimer)’
For news about changes to the package, type ‘news(package='scuba')’
scuba 1.11-1
Type ‘help(scuba)’ for an introduction
Read the warnings in ‘help(scuba.disclaimer)’
For news about changes to the package, type ‘news(package='scuba')’
Attaching package: ‘scuba’
The following objects are masked _by_ ‘.GlobalEnv’:
pedro902, pedro903, pedro904, pedro922, pedro943, pedro944,
pedro945, pedro946, pedro948, pedro949, pedro950
Error: processing vignette 'intro.Rnw' failed with diagnostics:
Running 'texi2dvi' on 'intro.tex' failed.
LaTeX errors:
! LaTeX Error: File `anysize.sty' not found.
Type X to quit or <RETURN> to proceed,
or enter new name. (Default extension: sty)
! Emergency stop.
<read *>
l.9 \marginsize
{2cm}{2cm}{2cm}{2cm}^^M
! ==> Fatal error occurred, no output PDF file produced!
--- failed re-building ‘intro.Rnw’
SUMMARY: processing the following file failed:
‘intro.Rnw’
Error: Vignette re-building failed.
Execution halted
Flavor: r-oldrel-macos-x86_64