Last updated on 2024-07-03 18:57:47 CEST.
Flavor | Version | Tinstall | Tcheck | Ttotal | Status | Flags |
---|---|---|---|---|---|---|
r-devel-linux-x86_64-debian-clang | 1.1.5 | 8.93 | 90.65 | 99.58 | OK | |
r-devel-linux-x86_64-debian-gcc | 1.1.5 | 6.08 | 69.43 | 75.51 | OK | |
r-devel-linux-x86_64-fedora-clang | 1.1.5 | 135.76 | OK | |||
r-devel-linux-x86_64-fedora-gcc | 1.1.5 | 131.74 | OK | |||
r-devel-windows-x86_64 | 1.1.5 | 9.00 | 86.00 | 95.00 | OK | |
r-patched-linux-x86_64 | 1.1.5 | 5.43 | 86.34 | 91.77 | OK | |
r-release-linux-x86_64 | 1.1.5 | 5.39 | 86.00 | 91.39 | OK | |
r-release-macos-arm64 | 1.1.5 | 52.00 | NOTE | |||
r-release-macos-x86_64 | 1.1.5 | 75.00 | OK | |||
r-release-windows-x86_64 | 1.1.5 | 9.00 | 87.00 | 96.00 | OK | |
r-oldrel-macos-arm64 | 1.1.5 | 58.00 | NOTE | |||
r-oldrel-macos-x86_64 | 1.1.5 | 88.00 | NOTE | |||
r-oldrel-windows-x86_64 | 1.1.5 | 11.00 | 99.00 | 110.00 | OK |
Version: 1.1.5
Check: package dependencies
Result: NOTE
Package suggested but not available for checking: ‘org.Mm.eg.db’
Flavor: r-release-macos-arm64
Version: 1.1.5
Check: package dependencies
Result: NOTE
Package suggested but not available for checking: ‘ArrayExpress’
Flavor: r-oldrel-macos-arm64
Version: 1.1.5
Check: Rd cross-references
Result: NOTE
Package unavailable to check Rd xrefs: ‘ArrayExpress’
Flavors: r-oldrel-macos-arm64, r-oldrel-macos-x86_64
Version: 1.1.5
Check: package dependencies
Result: NOTE
Packages suggested but not available for checking:
'ArrayExpress', 'org.Mm.eg.db'
Flavor: r-oldrel-macos-x86_64