Last updated on 2024-04-24 07:15:17 CEST.
Flavor | Version | Tinstall | Tcheck | Ttotal | Status | Flags |
---|---|---|---|---|---|---|
r-devel-linux-x86_64-debian-clang | 1.2.5 | 61.84 | 134.28 | 196.12 | OK | |
r-devel-linux-x86_64-debian-gcc | 1.2.5 | 47.84 | 92.73 | 140.57 | OK | |
r-devel-linux-x86_64-fedora-clang | 1.2.5 | 242.57 | OK | |||
r-devel-linux-x86_64-fedora-gcc | 1.2.5 | 247.13 | OK | |||
r-prerel-macos-arm64 | 1.2.5 | 57.00 | OK | |||
r-prerel-windows-x86_64 | 1.2.5 | 50.00 | 132.00 | 182.00 | OK | |
r-patched-linux-x86_64 | 1.2.5 | 56.37 | 127.30 | 183.67 | OK | |
r-release-linux-x86_64 | 1.2.5 | 60.63 | 126.30 | 186.93 | OK | |
r-release-macos-arm64 | 1.2.5 | 63.00 | OK | |||
r-release-macos-x86_64 | 1.2.5 | 115.00 | NOTE | |||
r-release-windows-x86_64 | 1.2.5 | 67.00 | 153.00 | 220.00 | OK | |
r-oldrel-macos-arm64 | 1.2.5 | 75.00 | OK | |||
r-oldrel-windows-x86_64 | 1.2.5 | 63.00 | 153.00 | 216.00 | OK |
Version: 1.2.5
Check: package dependencies
Result: NOTE
Package suggested but not available for checking: ‘Rmpfr’
Flavor: r-release-macos-x86_64