Last updated on 2018-04-20 18:55:38 CEST.
Flavor | Version | Tinstall | Tcheck | Ttotal | Status | Flags |
---|---|---|---|---|---|---|
r-devel-linux-x86_64-debian-clang | 1.0 | 4.23 | 62.49 | 66.72 | NOTE | |
r-devel-linux-x86_64-debian-gcc | 1.0 | 3.65 | 50.30 | 53.95 | NOTE | |
r-devel-linux-x86_64-fedora-clang | 1.0 | 81.77 | NOTE | |||
r-devel-linux-x86_64-fedora-gcc | 1.0 | 78.89 | NOTE | |||
r-devel-windows-ix86+x86_64 | 1.0 | 13.00 | 81.00 | 94.00 | NOTE | |
r-devel-osx-x86_64 | 1.0 | NOTE | ||||
r-patched-linux-x86_64 | 1.0 | 3.41 | 60.80 | 64.21 | NOTE | |
r-patched-solaris-x86 | 1.0 | 130.30 | NOTE | |||
r-release-linux-x86_64 | 1.0 | 4.26 | 61.92 | 66.18 | NOTE | |
r-release-windows-ix86+x86_64 | 1.0 | 13.00 | 104.00 | 117.00 | NOTE | |
r-release-osx-x86_64 | 1.0 | NOTE | ||||
r-oldrel-windows-ix86+x86_64 | 1.0 | 13.00 | 66.00 | 79.00 | NOTE |
Version: 1.0
Check: R code for possible problems
Result: NOTE
efficiencies.semsfa: no visible global function definition for ‘dnorm’
efficiencies.semsfa: no visible global function definition for ‘pnorm’
fan: no visible global function definition for ‘pnorm’
plot.semsfa: no visible global function definition for ‘hist’
plot.semsfa: no visible global function definition for ‘plot’
plot.semsfa: no visible global function definition for ‘density’
semsfa: no visible global function definition for ‘residuals’
semsfa: no visible global function definition for ‘loess’
semsfa: no visible global function definition for ‘optimize’
semsfa: no visible global function definition for ‘pnorm’
semsfa: no visible binding for global variable ‘sd’
summary.semsfa: no visible global function definition for ‘pt’
summary.semsfa: no visible global function definition for
‘printCoefmat’
Undefined global functions or variables:
density dnorm hist loess optimize plot pnorm printCoefmat pt
residuals sd
Consider adding
importFrom("graphics", "hist", "plot")
importFrom("stats", "density", "dnorm", "loess", "optimize", "pnorm",
"printCoefmat", "pt", "residuals", "sd")
to your NAMESPACE file.
Flavors: r-devel-linux-x86_64-debian-clang, r-devel-linux-x86_64-debian-gcc, r-devel-linux-x86_64-fedora-clang, r-devel-linux-x86_64-fedora-gcc, r-devel-windows-ix86+x86_64, r-devel-osx-x86_64, r-patched-linux-x86_64, r-patched-solaris-x86, r-release-linux-x86_64, r-release-windows-ix86+x86_64, r-release-osx-x86_64, r-oldrel-windows-ix86+x86_64