Last updated on 2025-05-06 06:50:07 CEST.
Flavor | Version | Tinstall | Tcheck | Ttotal | Status | Flags |
---|---|---|---|---|---|---|
r-devel-linux-x86_64-debian-clang | 1.1 | 7.27 | 59.17 | 66.44 | NOTE | |
r-devel-linux-x86_64-debian-gcc | 1.1 | 5.02 | 43.21 | 48.23 | NOTE | |
r-devel-linux-x86_64-fedora-clang | 1.1 | 102.39 | OK | |||
r-devel-linux-x86_64-fedora-gcc | 1.1 | 100.69 | OK | |||
r-devel-windows-x86_64 | 1.1 | 7.00 | 74.00 | 81.00 | OK | |
r-patched-linux-x86_64 | 1.1 | 5.79 | 58.47 | 64.26 | OK | |
r-release-linux-x86_64 | 1.1 | 6.76 | 56.87 | 63.63 | OK | |
r-release-macos-arm64 | 1.1 | 35.00 | OK | |||
r-release-macos-x86_64 | 1.1 | 58.00 | OK | |||
r-release-windows-x86_64 | 1.1 | 7.00 | 74.00 | 81.00 | OK | |
r-oldrel-macos-arm64 | 1.1 | 33.00 | OK | |||
r-oldrel-macos-x86_64 | 1.1 | 46.00 | OK | |||
r-oldrel-windows-x86_64 | 1.1 | 10.00 | 93.00 | 103.00 | OK |
Version: 1.1
Check: CRAN incoming feasibility
Result: NOTE
Maintainer: ‘Brian C. Franczak <bfrancza@math.mcmaster.ca>’
No Authors@R field in DESCRIPTION.
Please add one, modifying
Authors@R: c(person(given = c("Brian", "C."),
family = "Franczak",
role = c("aut", "cre"),
email = "bfrancza@math.mcmaster.ca"),
person(given = c("Ryan", "P."),
family = "Browne",
role = "aut"),
person(given = c("Paul", "D."),
family = "McNicholas",
role = "aut"))
as necessary.
Flavors: r-devel-linux-x86_64-debian-clang, r-devel-linux-x86_64-debian-gcc