Last updated on 2025-11-04 05:51:25 CET.
| Flavor | Version | Tinstall | Tcheck | Ttotal | Status | Flags | 
|---|---|---|---|---|---|---|
| r-devel-linux-x86_64-debian-clang | 1.4 | 7.52 | 59.10 | 66.62 | NOTE | |
| r-devel-linux-x86_64-debian-gcc | 1.4 | 4.89 | 45.14 | 50.03 | NOTE | |
| r-devel-linux-x86_64-fedora-clang | 1.4 | 15.00 | 86.11 | 101.11 | OK | |
| r-devel-linux-x86_64-fedora-gcc | 1.4 | 15.00 | 81.64 | 96.64 | OK | |
| r-devel-windows-x86_64 | 1.4 | 8.00 | 69.00 | 77.00 | OK | |
| r-patched-linux-x86_64 | 1.4 | 6.50 | 57.46 | 63.96 | OK | |
| r-release-linux-x86_64 | 1.4 | 6.71 | 56.58 | 63.29 | OK | |
| r-release-macos-arm64 | 1.4 | 3.00 | 23.00 | 26.00 | OK | |
| r-release-macos-x86_64 | 1.4 | 5.00 | 42.00 | 47.00 | OK | |
| r-release-windows-x86_64 | 1.4 | 9.00 | 69.00 | 78.00 | OK | |
| r-oldrel-macos-arm64 | 1.4 | 3.00 | 24.00 | 27.00 | OK | |
| r-oldrel-macos-x86_64 | 1.4 | 4.00 | 36.00 | 40.00 | OK | |
| r-oldrel-windows-x86_64 | 1.4 | 12.00 | 85.00 | 97.00 | OK | 
Version: 1.4
Check: CRAN incoming feasibility
Result: NOTE
  Maintainer: ‘Brian Greenhill <bgreenhill@albany.edu>’
  
  No Authors@R field in DESCRIPTION.
  Please add one, modifying
    Authors@R: c(person(given = c("Brian", "D."),
                        family = "Greenhill",
                        role = "aut"),
                 person(given = c("Michael", "D."),
                        family = "Ward",
                        role = "aut"),
                 person(given = "Audrey",
                        family = "Sacks",
                        role = "aut"),
                 person(given = "Brian",
                        family = "Greenhill",
                        role = "cre",
                        email = "bgreenhill@albany.edu"))
  as necessary.
Flavors: r-devel-linux-x86_64-debian-clang, r-devel-linux-x86_64-debian-gcc