Last updated on 2024-04-26 18:55:16 CEST.
Flavor | Version | Tinstall | Tcheck | Ttotal | Status | Flags |
---|---|---|---|---|---|---|
r-devel-linux-x86_64-debian-clang | 2.0 | 2.24 | 46.62 | 48.86 | NOTE | |
r-devel-linux-x86_64-debian-gcc | 2.0 | 2.10 | 35.74 | 37.84 | NOTE | |
r-devel-linux-x86_64-fedora-clang | 2.0 | 65.06 | NOTE | |||
r-devel-linux-x86_64-fedora-gcc | 2.0 | 75.61 | NOTE | |||
r-devel-windows-x86_64 | 2.0 | 4.00 | 75.00 | 79.00 | NOTE | |
r-patched-linux-x86_64 | 2.0 | 2.30 | 46.59 | 48.89 | NOTE | |
r-release-linux-x86_64 | 2.0 | 2.12 | 43.83 | 45.95 | OK | |
r-release-macos-arm64 | 2.0 | 34.00 | NOTE | |||
r-release-windows-x86_64 | 2.0 | 3.00 | 75.00 | 78.00 | NOTE | |
r-oldrel-macos-arm64 | 2.0 | 36.00 | OK | |||
r-oldrel-macos-x86_64 | 2.0 | 71.00 | OK | |||
r-oldrel-windows-x86_64 | 2.0 | 5.00 | 73.00 | 78.00 | OK |
Version: 2.0
Check: Rd files
Result: NOTE
checkRd: (-1) sgt.Rd:55: Lost braces
55 | \code{sigma <= 0}, \code{lambda <= -1}, \code{lambda >= 1}, \code{p <= 0}, and \code{q <= 0} are errors and return \code{NaN}. Also, if \code{mean.cent} is \code{TRUE} but code{p*q <= 1}, the result is an error and \code{NaNs} are produced. Similarly, if \code{var.adj} is \code{TRUE} but code{p*q <= 2}, the result is an error and \code{NaNs} are produced.
| ^
checkRd: (-1) sgt.Rd:55: Lost braces
55 | \code{sigma <= 0}, \code{lambda <= -1}, \code{lambda >= 1}, \code{p <= 0}, and \code{q <= 0} are errors and return \code{NaN}. Also, if \code{mean.cent} is \code{TRUE} but code{p*q <= 1}, the result is an error and \code{NaNs} are produced. Similarly, if \code{var.adj} is \code{TRUE} but code{p*q <= 2}, the result is an error and \code{NaNs} are produced.
| ^
Flavors: r-devel-linux-x86_64-debian-clang, r-devel-linux-x86_64-debian-gcc, r-devel-linux-x86_64-fedora-clang, r-devel-linux-x86_64-fedora-gcc, r-devel-windows-x86_64, r-patched-linux-x86_64, r-release-macos-arm64, r-release-windows-x86_64