Last updated on 2024-05-21 06:59:39 CEST.
Flavor | Version | Tinstall | Tcheck | Ttotal | Status | Flags |
---|---|---|---|---|---|---|
r-devel-linux-x86_64-debian-clang | 1.1.1 | 10.76 | 55.25 | 66.01 | OK | |
r-devel-linux-x86_64-debian-gcc | 1.1.1 | 7.01 | 40.62 | 47.63 | OK | |
r-devel-linux-x86_64-fedora-clang | 1.1.1 | 76.21 | NOTE | |||
r-devel-linux-x86_64-fedora-gcc | 1.1.1 | 71.62 | OK | |||
r-devel-windows-x86_64 | 1.1.1 | 11.00 | 67.00 | 78.00 | NOTE | |
r-patched-linux-x86_64 | 1.1.1 | 12.06 | 52.43 | 64.49 | OK | |
r-release-linux-x86_64 | 1.1.1 | 11.70 | 51.62 | 63.32 | OK | |
r-release-macos-arm64 | 1.1.1 | 26.00 | NOTE | |||
r-release-windows-x86_64 | 1.1.1 | 13.00 | 67.00 | 80.00 | NOTE | |
r-oldrel-macos-arm64 | 1.1.1 | 27.00 | NOTE | |||
r-oldrel-macos-x86_64 | 1.1.1 | 41.00 | NOTE | |||
r-oldrel-windows-x86_64 | 1.1.1 | 14.00 | 118.00 | 132.00 | NOTE |
Version: 1.1.1
Check: installed package size
Result: NOTE
installed size is 20.6Mb
sub-directories of 1Mb or more:
www 19.7Mb
Flavors: r-devel-linux-x86_64-fedora-clang, r-devel-windows-x86_64, r-release-macos-arm64, r-release-windows-x86_64, r-oldrel-macos-arm64, r-oldrel-macos-x86_64, r-oldrel-windows-x86_64